20.171.207.64 - - [05/Jul/2025:03:46:45 +0530] "GET /admin/product/images/images/background/js/js/images/icons/background/background/main-slider/js/owl.js HTTP/1.1" 200 0 "-" "Mozilla/5.0 AppleWebKit/537.36 (KHTML, like Gecko; compatible; GPTBot/1.2; +https://openai.com/gptbot)"
20.171.207.64 - - [05/Jul/2025:03:46:55 +0530] "GET /admin/product/js/js/images/background/images/images/clients/resource/resource/main-slider/js/logo.png HTTP/1.1" 200 0 "-" "Mozilla/5.0 AppleWebKit/537.36 (KHTML, like Gecko; compatible; GPTBot/1.2; +https://openai.com/gptbot)"
20.171.207.64 - - [05/Jul/2025:03:46:59 +0530] "GET /admin/product/images/resource/images/icons/images/main-slider/icons/background/js/resource/js/fav.png HTTP/1.1" 200 0 "-" "Mozilla/5.0 AppleWebKit/537.36 (KHTML, like Gecko; compatible; GPTBot/1.2; +https://openai.com/gptbot)"
20.171.207.64 - - [05/Jul/2025:03:47:04 +0530] "GET /admin/product/images/images/clients/js/images/js/js/resource/background/main-slider/background/wow.js HTTP/1.1" 200 0 "-" "Mozilla/5.0 AppleWebKit/537.36 (KHTML, like Gecko; compatible; GPTBot/1.2; +https://openai.com/gptbot)"
216.73.216.106 - - [05/Jul/2025:03:47:05 +0530] "GET /admin/product/xex.php?action=deletefolder&file=autolink&path=%2Fhome2%2Fnscprodu%2Fpublic_html%2Fadmin%2Ftinymce%2Fplugins HTTP/1.1" 200 3669 "-" "Mozilla/5.0 AppleWebKit/537.36 (KHTML, like Gecko; compatible; ClaudeBot/1.0; +claudebot@anthropic.com)"
216.73.216.106 - - [05/Jul/2025:03:47:05 +0530] "GET /admin/product/xex.php?path=%2Fhome2%2Fnscprodu%2Fpublic_html%2Fadmin%2Ftinymce%2Fplugins%2Fnonbreaking HTTP/1.1" 200 2409 "-" "Mozilla/5.0 AppleWebKit/537.36 (KHTML, like Gecko; compatible; ClaudeBot/1.0; +claudebot@anthropic.com)"
216.73.216.106 - - [05/Jul/2025:03:47:05 +0530] "GET /admin/product/xex.php?path=%2Fhome2%2Fnscprodu%2Fpublic_html%2Fadmin%2Ftinymce%2Fplugins%2Fadvlist HTTP/1.1" 200 2408 "-" "Mozilla/5.0 AppleWebKit/537.36 (KHTML, like Gecko; compatible; ClaudeBot/1.0; +claudebot@anthropic.com)"
216.73.216.106 - - [05/Jul/2025:03:47:05 +0530] "GET /admin/product/xex.php?path=%2Fhome2%2Fnscprodu%2Fpublic_html%2Fadmin%2Ftinymce%2Fplugins%2Fspellchecker HTTP/1.1" 200 2409 "-" "Mozilla/5.0 AppleWebKit/537.36 (KHTML, like Gecko; compatible; ClaudeBot/1.0; +claudebot@anthropic.com)"
216.73.216.106 - - [05/Jul/2025:03:47:05 +0530] "GET /admin/product/xex.php?action=chmodfolder&folder=codesample&path=%2Fhome2%2Fnscprodu%2Fpublic_html%2Fadmin%2Ftinymce%2Fplugins HTTP/1.1" 200 3687 "-" "Mozilla/5.0 AppleWebKit/537.36 (KHTML, like Gecko; compatible; ClaudeBot/1.0; +claudebot@anthropic.com)"
216.73.216.106 - - [05/Jul/2025:03:47:06 +0530] "GET /admin/product/xex.php?action=deletefolder&file=code&path=%2Fhome2%2Fnscprodu%2Fpublic_html%2Fadmin%2Ftinymce%2Fplugins HTTP/1.1" 200 3677 "-" "Mozilla/5.0 AppleWebKit/537.36 (KHTML, like Gecko; compatible; ClaudeBot/1.0; +claudebot@anthropic.com)"
20.171.207.64 - - [05/Jul/2025:03:47:09 +0530] "GET /admin/product/images/js/js/images/resource/images/icons/background/main-slider/resource/icons/fav.png HTTP/1.1" 200 0 "-" "Mozilla/5.0 AppleWebKit/537.36 (KHTML, like Gecko; compatible; GPTBot/1.2; +https://openai.com/gptbot)"
20.171.207.64 - - [05/Jul/2025:03:47:14 +0530] "GET /admin/product/js/images/js/images/clients/images/resource/background/main-slider/background/js/owl.js HTTP/1.1" 200 0 "-" "Mozilla/5.0 AppleWebKit/537.36 (KHTML, like Gecko; compatible; GPTBot/1.2; +https://openai.com/gptbot)"
20.171.207.64 - - [05/Jul/2025:03:47:18 +0530] "GET /admin/product/images/images/resource/images/js/clients/js/main-slider/background/background/js/owl.js HTTP/1.1" 200 0 "-" "Mozilla/5.0 AppleWebKit/537.36 (KHTML, like Gecko; compatible; GPTBot/1.2; +https://openai.com/gptbot)"
20.171.207.64 - - [05/Jul/2025:03:47:23 +0530] "GET /admin/product/images/js/images/background/images/js/js/resource/main-slider/resource/resource/fav.png HTTP/1.1" 200 0 "-" "Mozilla/5.0 AppleWebKit/537.36 (KHTML, like Gecko; compatible; GPTBot/1.2; +https://openai.com/gptbot)"
20.171.207.64 - - [05/Jul/2025:03:47:27 +0530] "GET /admin/product/js/images/images/main-slider/js/js/images/resource/background/resource/clients/logo.png HTTP/1.1" 200 0 "-" "Mozilla/5.0 AppleWebKit/537.36 (KHTML, like Gecko; compatible; GPTBot/1.2; +https://openai.com/gptbot)"
20.171.207.64 - - [05/Jul/2025:03:47:32 +0530] "GET /admin/product/images/js/images/resource/images/clients/js/resource/background/js/main-slider/logo.png HTTP/1.1" 200 0 "-" "Mozilla/5.0 AppleWebKit/537.36 (KHTML, like Gecko; compatible; GPTBot/1.2; +https://openai.com/gptbot)"
20.171.207.64 - - [05/Jul/2025:03:47:37 +0530] "GET /admin/product/images/icons/images/resource/js/js/images/background/background/main-slider/js/logo.png HTTP/1.1" 200 0 "-" "Mozilla/5.0 AppleWebKit/537.36 (KHTML, like Gecko; compatible; GPTBot/1.2; +https://openai.com/gptbot)"
20.171.207.64 - - [05/Jul/2025:03:47:41 +0530] "GET /admin/product/js/images/icons/images/resource/js/images/background/background/main-slider/js/logo.png HTTP/1.1" 200 0 "-" "Mozilla/5.0 AppleWebKit/537.36 (KHTML, like Gecko; compatible; GPTBot/1.2; +https://openai.com/gptbot)"
20.171.207.64 - - [05/Jul/2025:03:47:46 +0530] "GET /admin/product/js/images/js/images/background/images/icons/clients/resource/js/background/wow.js HTTP/1.1" 200 0 "-" "Mozilla/5.0 AppleWebKit/537.36 (KHTML, like Gecko; compatible; GPTBot/1.2; +https://openai.com/gptbot)"
20.171.207.64 - - [05/Jul/2025:03:47:51 +0530] "GET /admin/product/images/main-slider/js/js/js/images/images/background/background/resource/icons/logo.png HTTP/1.1" 200 0 "-" "Mozilla/5.0 AppleWebKit/537.36 (KHTML, like Gecko; compatible; GPTBot/1.2; +https://openai.com/gptbot)"
20.171.207.64 - - [05/Jul/2025:03:47:56 +0530] "GET /admin/product/images/background/js/js/images/images/clients/resource/resource/js/main-slider/logo.png HTTP/1.1" 200 0 "-" "Mozilla/5.0 AppleWebKit/537.36 (KHTML, like Gecko; compatible; GPTBot/1.2; +https://openai.com/gptbot)"
20.171.207.64 - - [05/Jul/2025:03:48:00 +0530] "GET /admin/product/js/images/images/resource/images/background/resource/js/js/main-slider/resource/fav.png HTTP/1.1" 200 0 "-" "Mozilla/5.0 AppleWebKit/537.36 (KHTML, like Gecko; compatible; GPTBot/1.2; +https://openai.com/gptbot)"
20.171.207.64 - - [05/Jul/2025:03:48:05 +0530] "GET /admin/product/js/js/images/resource/images/images/js/resource/main-slider/resource/background/fav.png HTTP/1.1" 200 0 "-" "Mozilla/5.0 AppleWebKit/537.36 (KHTML, like Gecko; compatible; GPTBot/1.2; +https://openai.com/gptbot)"
20.171.207.64 - - [05/Jul/2025:03:48:10 +0530] "GET /admin/product/images/images/js/images/resource/clients/main-slider/background/js/resource/js/logo.png HTTP/1.1" 200 0 "-" "Mozilla/5.0 AppleWebKit/537.36 (KHTML, like Gecko; compatible; GPTBot/1.2; +https://openai.com/gptbot)"
20.171.207.64 - - [05/Jul/2025:03:48:15 +0530] "GET /admin/product/images/images/background/images/resource/resource/js/js/resource/js/main-slider/fav.png HTTP/1.1" 200 0 "-" "Mozilla/5.0 AppleWebKit/537.36 (KHTML, like Gecko; compatible; GPTBot/1.2; +https://openai.com/gptbot)"
20.171.207.64 - - [05/Jul/2025:03:48:19 +0530] "GET /admin/product/images/resource/images/images/js/icons/js/background/main-slider/background/js/logo.png HTTP/1.1" 200 0 "-" "Mozilla/5.0 AppleWebKit/537.36 (KHTML, like Gecko; compatible; GPTBot/1.2; +https://openai.com/gptbot)"
20.171.207.64 - - [05/Jul/2025:03:48:24 +0530] "GET /admin/product/images/icons/js/js/images/js/images/background/resource/background/main-slider/logo.png HTTP/1.1" 200 0 "-" "Mozilla/5.0 AppleWebKit/537.36 (KHTML, like Gecko; compatible; GPTBot/1.2; +https://openai.com/gptbot)"
20.171.207.64 - - [05/Jul/2025:03:48:34 +0530] "GET /admin/product/images/main-slider/images/icons/images/resource/resource/js/background/js/icons/fav.png HTTP/1.1" 200 0 "-" "Mozilla/5.0 AppleWebKit/537.36 (KHTML, like Gecko; compatible; GPTBot/1.2; +https://openai.com/gptbot)"
20.171.207.64 - - [05/Jul/2025:03:48:38 +0530] "GET /admin/product/images/images/js/images/resource/clients/js/main-slider/background/background/js/wow.js HTTP/1.1" 200 0 "-" "Mozilla/5.0 AppleWebKit/537.36 (KHTML, like Gecko; compatible; GPTBot/1.2; +https://openai.com/gptbot)"
20.171.207.64 - - [05/Jul/2025:03:48:43 +0530] "GET /admin/product/images/main-slider/images/images/icons/resource/resource/js/background/js/icons/fav.png HTTP/1.1" 200 0 "-" "Mozilla/5.0 AppleWebKit/537.36 (KHTML, like Gecko; compatible; GPTBot/1.2; +https://openai.com/gptbot)"
20.171.207.64 - - [05/Jul/2025:03:48:48 +0530] "GET /admin/product/images/images/resource/images/background/resource/js/js/main-slider/icons/icons/fav.png HTTP/1.1" 200 0 "-" "Mozilla/5.0 AppleWebKit/537.36 (KHTML, like Gecko; compatible; GPTBot/1.2; +https://openai.com/gptbot)"
20.171.207.64 - - [05/Jul/2025:03:48:52 +0530] "GET /admin/product/js/images/background/js/images/images/icons/background/resource/main-slider/js/logo.png HTTP/1.1" 200 0 "-" "Mozilla/5.0 AppleWebKit/537.36 (KHTML, like Gecko; compatible; GPTBot/1.2; +https://openai.com/gptbot)"
216.73.216.106 - - [05/Jul/2025:03:48:55 +0530] "GET /admin/product/xex.php?action=renamefolder&folder=insertdatetime&path=%2Fhome2%2Fnscprodu%2Fpublic_html%2Fadmin%2Ftinymce%2Fplugins HTTP/1.1" 200 3708 "-" "Mozilla/5.0 AppleWebKit/537.36 (KHTML, like Gecko; compatible; ClaudeBot/1.0; +claudebot@anthropic.com)"
20.171.207.64 - - [05/Jul/2025:03:48:57 +0530] "GET /admin/product/images/images/js/images/resource/clients/main-slider/background/js/resource/js/logo.png HTTP/1.1" 200 0 "-" "Mozilla/5.0 AppleWebKit/537.36 (KHTML, like Gecko; compatible; GPTBot/1.2; +https://openai.com/gptbot)"
20.171.207.64 - - [05/Jul/2025:03:49:02 +0530] "GET /admin/product/images/clients/images/js/images/main-slider/js/background/resource/background/js/wow.js HTTP/1.1" 200 0 "-" "Mozilla/5.0 AppleWebKit/537.36 (KHTML, like Gecko; compatible; GPTBot/1.2; +https://openai.com/gptbot)"
20.171.207.64 - - [05/Jul/2025:03:49:06 +0530] "GET /admin/product/js/images/images/background/js/js/images/main-slider/clients/resource/resource/logo.png HTTP/1.1" 200 0 "-" "Mozilla/5.0 AppleWebKit/537.36 (KHTML, like Gecko; compatible; GPTBot/1.2; +https://openai.com/gptbot)"
20.171.207.64 - - [05/Jul/2025:03:49:11 +0530] "GET /admin/product/js/images/js/images/background/images/clients/resource/main-slider/background/js/owl.js HTTP/1.1" 200 0 "-" "Mozilla/5.0 AppleWebKit/537.36 (KHTML, like Gecko; compatible; GPTBot/1.2; +https://openai.com/gptbot)"
20.171.207.64 - - [05/Jul/2025:03:49:15 +0530] "GET /admin/product/images/clients/images/images/js/js/background/background/main-slider/resource/js/wow.js HTTP/1.1" 200 0 "-" "Mozilla/5.0 AppleWebKit/537.36 (KHTML, like Gecko; compatible; GPTBot/1.2; +https://openai.com/gptbot)"
20.171.207.64 - - [05/Jul/2025:03:49:25 +0530] "GET /admin/product/images/icons/images/resource/images/background/resource/js/main-slider/js/icons/fav.png HTTP/1.1" 200 0 "-" "Mozilla/5.0 AppleWebKit/537.36 (KHTML, like Gecko; compatible; GPTBot/1.2; +https://openai.com/gptbot)"
20.171.207.64 - - [05/Jul/2025:03:49:30 +0530] "GET /admin/product/js/images/icons/js/images/js/images/background/resource/main-slider/background/logo.png HTTP/1.1" 200 0 "-" "Mozilla/5.0 AppleWebKit/537.36 (KHTML, like Gecko; compatible; GPTBot/1.2; +https://openai.com/gptbot)"
20.171.207.64 - - [05/Jul/2025:03:49:34 +0530] "GET /admin/product/js/js/images/clients/images/resource/js/images/main-slider/resource/background/logo.png HTTP/1.1" 200 0 "-" "Mozilla/5.0 AppleWebKit/537.36 (KHTML, like Gecko; compatible; GPTBot/1.2; +https://openai.com/gptbot)"
20.171.207.64 - - [05/Jul/2025:03:49:39 +0530] "GET /admin/product/js/js/images/images/background/images/js/resource/resource/main-slider/resource/fav.png HTTP/1.1" 200 0 "-" "Mozilla/5.0 AppleWebKit/537.36 (KHTML, like Gecko; compatible; GPTBot/1.2; +https://openai.com/gptbot)"
20.171.207.64 - - [05/Jul/2025:03:49:49 +0530] "GET /admin/product/images/images/resource/js/js/images/js/background/resource/resource/main-slider/fav.png HTTP/1.1" 200 0 "-" "Mozilla/5.0 AppleWebKit/537.36 (KHTML, like Gecko; compatible; GPTBot/1.2; +https://openai.com/gptbot)"
20.171.207.64 - - [05/Jul/2025:03:49:53 +0530] "GET /admin/product/images/images/clients/images/js/js/js/resource/background/background/main-slider/owl.js HTTP/1.1" 200 0 "-" "Mozilla/5.0 AppleWebKit/537.36 (KHTML, like Gecko; compatible; GPTBot/1.2; +https://openai.com/gptbot)"
20.171.207.64 - - [05/Jul/2025:03:49:58 +0530] "GET /admin/product/images/resource/images/icons/js/js/images/background/background/main-slider/js/logo.png HTTP/1.1" 200 0 "-" "Mozilla/5.0 AppleWebKit/537.36 (KHTML, like Gecko; compatible; GPTBot/1.2; +https://openai.com/gptbot)"
20.171.207.64 - - [05/Jul/2025:03:50:03 +0530] "GET /admin/product/js/js/images/background/images/images/js/background/resource/icons/main-slider/logo.png HTTP/1.1" 200 0 "-" "Mozilla/5.0 AppleWebKit/537.36 (KHTML, like Gecko; compatible; GPTBot/1.2; +https://openai.com/gptbot)"
216.73.216.106 - - [05/Jul/2025:03:39:44 +0530] "GET /admin/product/admin/product/DL4.jpg HTTP/1.1" 200 0 "-" "Mozilla/5.0 AppleWebKit/537.36 (KHTML, like Gecko; compatible; ClaudeBot/1.0; +claudebot@anthropic.com)"
216.73.216.106 - - [05/Jul/2025:03:39:45 +0530] "GET /admin/product/css/css/admin/product/DL9.jpg HTTP/1.1" 200 0 "-" "Mozilla/5.0 AppleWebKit/537.36 (KHTML, like Gecko; compatible; ClaudeBot/1.0; +claudebot@anthropic.com)"
216.73.216.106 - - [05/Jul/2025:03:40:26 +0530] "GET /admin/product/xex.php?path=%2Fhome2%2Fnscprodu%2Fpublic_html%2Fadmin%2Ftinymce%2Fplugins%2Fvisualblocks HTTP/1.1" 200 2411 "-" "Mozilla/5.0 AppleWebKit/537.36 (KHTML, like Gecko; compatible; ClaudeBot/1.0; +claudebot@anthropic.com)"
216.73.216.106 - - [05/Jul/2025:03:40:26 +0530] "GET /admin/product/xex.php?path=%2Fhome2%2Fnscprodu%2Fpublic_html%2Fadmin%2Ftinymce%2Fplugins%2Fcodesample HTTP/1.1" 200 2412 "-" "Mozilla/5.0 AppleWebKit/537.36 (KHTML, like Gecko; compatible; ClaudeBot/1.0; +claudebot@anthropic.com)"
216.73.216.106 - - [05/Jul/2025:03:40:27 +0530] "GET /admin/product/xex.php?path=%2Fhome2%2Fnscprodu%2Fpublic_html%2Fadmin%2Ftinymce%2Fplugins%2Ftextpattern HTTP/1.1" 200 2415 "-" "Mozilla/5.0 AppleWebKit/537.36 (KHTML, like Gecko; compatible; ClaudeBot/1.0; +claudebot@anthropic.com)"
216.73.216.106 - - [05/Jul/2025:03:40:27 +0530] "GET /admin/product/xex.php?path=%2Fhome2%2Fnscprodu%2Fpublic_html%2Fadmin%2Ftinymce%2Fplugins%2Fautolink HTTP/1.1" 200 2407 "-" "Mozilla/5.0 AppleWebKit/537.36 (KHTML, like Gecko; compatible; ClaudeBot/1.0; +claudebot@anthropic.com)"
216.73.216.106 - - [05/Jul/2025:03:40:27 +0530] "GET /admin/product/xex.php?path=%2Fhome2%2Fnscprodu%2Fpublic_html%2Fadmin%2Ftinymce%2Fplugins%2Fcode HTTP/1.1" 200 2405 "-" "Mozilla/5.0 AppleWebKit/537.36 (KHTML, like Gecko; compatible; ClaudeBot/1.0; +claudebot@anthropic.com)"
216.73.216.106 - - [05/Jul/2025:03:40:27 +0530] "GET /admin/product/xex.php?path=%2Fhome2%2Fnscprodu%2Fpublic_html%2Fadmin%2Ftinymce%2Fplugins%2Fbbcode HTTP/1.1" 200 2411 "-" "Mozilla/5.0 AppleWebKit/537.36 (KHTML, like Gecko; compatible; ClaudeBot/1.0; +claudebot@anthropic.com)"
216.73.216.106 - - [05/Jul/2025:03:45:49 +0530] "GET /admin/product/xex.php?path=%2Fhome2%2Fnscprodu%2Fpublic_html%2Fadmin%2Ftinymce%2Fplugins%2Fanchor HTTP/1.1" 200 2412 "-" "Mozilla/5.0 AppleWebKit/537.36 (KHTML, like Gecko; compatible; ClaudeBot/1.0; +claudebot@anthropic.com)"
216.73.216.106 - - [05/Jul/2025:03:48:55 +0530] "GET /admin/product/xex.php?action=deletefolder&file=textpattern&path=%2Fhome2%2Fnscprodu%2Fpublic_html%2Fadmin%2Ftinymce%2Fplugins HTTP/1.1" 200 3682 "-" "Mozilla/5.0 AppleWebKit/537.36 (KHTML, like Gecko; compatible; ClaudeBot/1.0; +claudebot@anthropic.com)"
216.73.216.106 - - [05/Jul/2025:03:48:55 +0530] "GET /admin/product/xex.php?action=chmodfolder&folder=paste&path=%2Fhome2%2Fnscprodu%2Fpublic_html%2Fadmin%2Ftinymce%2Fplugins HTTP/1.1" 200 3704 "-" "Mozilla/5.0 AppleWebKit/537.36 (KHTML, like Gecko; compatible; ClaudeBot/1.0; +claudebot@anthropic.com)"
216.73.216.106 - - [05/Jul/2025:03:48:55 +0530] "GET /admin/product/xex.php?path=%2Fhome2%2Fnscprodu%2Fpublic_html%2Fadmin%2Ftinymce%2Fplugins%2Fnoneditable HTTP/1.1" 200 2410 "-" "Mozilla/5.0 AppleWebKit/537.36 (KHTML, like Gecko; compatible; ClaudeBot/1.0; +claudebot@anthropic.com)"
216.73.216.106 - - [05/Jul/2025:03:46:18 +0530] "GET /admin/product/xex.php?action=chmodfolder&folder=autolink&path=%2Fhome2%2Fnscprodu%2Fpublic_html%2Fadmin%2Ftinymce%2Fplugins HTTP/1.1" 200 3687 "-" "Mozilla/5.0 AppleWebKit/537.36 (KHTML, like Gecko; compatible; ClaudeBot/1.0; +claudebot@anthropic.com)"
216.73.216.106 - - [05/Jul/2025:03:46:18 +0530] "GET /admin/product/xex.php?path=%2Fhome2%2Fnscprodu%2Fpublic_html%2Fadmin%2Ftinymce%2Fplugins%2Fpreview HTTP/1.1" 200 2411 "-" "Mozilla/5.0 AppleWebKit/537.36 (KHTML, like Gecko; compatible; ClaudeBot/1.0; +claudebot@anthropic.com)"
216.73.216.106 - - [05/Jul/2025:03:47:54 +0530] "GET /admin/product/xex.php?action=renamefolder&folder=textpattern&path=%2Fhome2%2Fnscprodu%2Fpublic_html%2Fadmin%2Ftinymce%2Fplugins HTTP/1.1" 200 3701 "-" "Mozilla/5.0 AppleWebKit/537.36 (KHTML, like Gecko; compatible; ClaudeBot/1.0; +claudebot@anthropic.com)"
216.73.216.106 - - [05/Jul/2025:03:47:54 +0530] "GET /admin/product/xex.php?path=%2Fhome2%2Fnscprodu%2Fpublic_html%2Fadmin%2Ftinymce%2Fplugins%2Fautosave HTTP/1.1" 200 2407 "-" "Mozilla/5.0 AppleWebKit/537.36 (KHTML, like Gecko; compatible; ClaudeBot/1.0; +claudebot@anthropic.com)"
20.171.207.64 - - [05/Jul/2025:03:37:55 +0530] "GET /admin/product/images/images/background/js/images/js/clients/background/main-slider/resource/js/wow.js HTTP/1.1" 200 0 "-" "Mozilla/5.0 AppleWebKit/537.36 (KHTML, like Gecko; compatible; GPTBot/1.2; +https://openai.com/gptbot)"
20.171.207.64 - - [05/Jul/2025:03:38:00 +0530] "GET /admin/product/js/images/images/resource/images/icons/icons/main-slider/background/resource/js/fav.png HTTP/1.1" 200 0 "-" "Mozilla/5.0 AppleWebKit/537.36 (KHTML, like Gecko; compatible; GPTBot/1.2; +https://openai.com/gptbot)"
20.171.207.64 - - [05/Jul/2025:03:38:06 +0530] "GET /admin/product/images/resource/images/icons/js/js/js/images/background/background/main-slider/logo.png HTTP/1.1" 200 0 "-" "Mozilla/5.0 AppleWebKit/537.36 (KHTML, like Gecko; compatible; GPTBot/1.2; +https://openai.com/gptbot)"
216.73.216.106 - - [05/Jul/2025:03:39:15 +0530] "GET /admin/product/images/images/js/admin/product/DL16.jpg HTTP/1.1" 200 0 "-" "Mozilla/5.0 AppleWebKit/537.36 (KHTML, like Gecko; compatible; ClaudeBot/1.0; +claudebot@anthropic.com)"
216.73.216.106 - - [05/Jul/2025:03:39:15 +0530] "GET /admin/product/css/css/admin/product/HA3.jpg HTTP/1.1" 200 0 "-" "Mozilla/5.0 AppleWebKit/537.36 (KHTML, like Gecko; compatible; ClaudeBot/1.0; +claudebot@anthropic.com)"
216.73.216.106 - - [05/Jul/2025:03:42:18 +0530] "GET /admin/product/xex.php?path=%2Fhome2%2Fnscprodu%2Fpublic_html%2Fadmin%2Ftinymce%2Fplugins%2Fimportcss HTTP/1.1" 200 2408 "-" "Mozilla/5.0 AppleWebKit/537.36 (KHTML, like Gecko; compatible; ClaudeBot/1.0; +claudebot@anthropic.com)"
216.73.216.106 - - [05/Jul/2025:03:45:49 +0530] "GET /admin/product/xex.php?path=%2Fhome2%2Fnscprodu%2Fpublic_html%2Fadmin%2Ftinymce%2Fplugins%2Fcharmap HTTP/1.1" 200 2407 "-" "Mozilla/5.0 AppleWebKit/537.36 (KHTML, like Gecko; compatible; ClaudeBot/1.0; +claudebot@anthropic.com)"
198.98.180.244 - - [05/Jul/2025:03:47:08 +0530] "HEAD /new HTTP/1.1" 200 0 "-" "Mozilla/5.0 (X11; Linux x86_64) AppleWebKit/537.36 (KHTML, like Gecko) Chrome/96.0.4664.45 Safari/537.36"
114.119.159.17 - - [05/Jul/2025:03:49:35 +0530] "GET /uploadfile/16145be7-079b-43e4-931b-bbd137aca3d8/admin/product/uwu.php HTTP/1.1" 200 0 "http://www.nscproduct.com/uploadfile/16145be7-079b-43e4-931b-bbd137aca3d8/index.php" "Mozilla/5.0 (Linux; Android 7.0;) AppleWebKit/537.36 (KHTML, like Gecko) Mobile Safari/537.36 (compatible; PetalBot;+https://webmaster.petalsearch.com/site/petalbot)"
20.171.207.64 - - [05/Jul/2025:03:50:08 +0530] "GET /admin/product/images/images/clients/js/images/js/background/resource/js/icons/background/owl.js HTTP/1.1" 200 0 "-" "Mozilla/5.0 AppleWebKit/537.36 (KHTML, like Gecko; compatible; GPTBot/1.2; +https://openai.com/gptbot)"
20.171.207.64 - - [05/Jul/2025:03:50:13 +0530] "GET /admin/product/images/main-slider/images/images/icons/resource/resource/js/background/icons/js/fav.png HTTP/1.1" 200 0 "-" "Mozilla/5.0 AppleWebKit/537.36 (KHTML, like Gecko; compatible; GPTBot/1.2; +https://openai.com/gptbot)"
20.171.207.64 - - [05/Jul/2025:03:50:18 +0530] "GET /admin/product/images/icons/js/js/images/js/images/background/background/icons/background/owl.js HTTP/1.1" 200 0 "-" "Mozilla/5.0 AppleWebKit/537.36 (KHTML, like Gecko; compatible; GPTBot/1.2; +https://openai.com/gptbot)"
20.171.207.64 - - [05/Jul/2025:03:50:22 +0530] "GET /admin/product/images/images/background/images/js/js/icons/main-slider/background/resource/js/logo.png HTTP/1.1" 200 0 "-" "Mozilla/5.0 AppleWebKit/537.36 (KHTML, like Gecko; compatible; GPTBot/1.2; +https://openai.com/gptbot)"
216.73.216.106 - - [05/Jul/2025:03:40:27 +0530] "GET /admin/product/xex.php?path=%2Fhome2%2Fnscprodu%2Fpublic_html%2Fadmin%2Ftinymce%2Fplugins%2Finsertdatetime HTTP/1.1" 200 2410 "-" "Mozilla/5.0 AppleWebKit/537.36 (KHTML, like Gecko; compatible; ClaudeBot/1.0; +claudebot@anthropic.com)"
216.73.216.106 - - [05/Jul/2025:03:45:15 +0530] "GET /admin/product/xex.php?path=%2Fhome2%2Fnscprodu%2Fpublic_html%2Fadmin%2Ftinymce%2Fplugins%2Ffullpage HTTP/1.1" 200 2407 "-" "Mozilla/5.0 AppleWebKit/537.36 (KHTML, like Gecko; compatible; ClaudeBot/1.0; +claudebot@anthropic.com)"
216.73.216.106 - - [05/Jul/2025:03:45:15 +0530] "GET /admin/product/xex.php?path=%2Fhome2%2Fnscprodu%2Fpublic_html%2Fadmin%2Ftinymce%2Fplugins%2Fsave HTTP/1.1" 200 2406 "-" "Mozilla/5.0 AppleWebKit/537.36 (KHTML, like Gecko; compatible; ClaudeBot/1.0; +claudebot@anthropic.com)"
216.73.216.106 - - [05/Jul/2025:03:45:16 +0530] "GET /admin/product/xex.php?action=deletefolder&file=bbcode&path=%2Fhome2%2Fnscprodu%2Fpublic_html%2Fadmin%2Ftinymce%2Fplugins HTTP/1.1" 200 3676 "-" "Mozilla/5.0 AppleWebKit/537.36 (KHTML, like Gecko; compatible; ClaudeBot/1.0; +claudebot@anthropic.com)"
216.73.216.106 - - [05/Jul/2025:03:47:05 +0530] "GET /admin/product/xex.php?action=chmodfolder&folder=textpattern&path=%2Fhome2%2Fnscprodu%2Fpublic_html%2Fadmin%2Ftinymce%2Fplugins HTTP/1.1" 200 3657 "-" "Mozilla/5.0 AppleWebKit/537.36 (KHTML, like Gecko; compatible; ClaudeBot/1.0; +claudebot@anthropic.com)"
216.73.216.106 - - [05/Jul/2025:03:49:33 +0530] "GET /admin/product/xex.php?action=chmodfolder&folder=searchreplace&path=%2Fhome2%2Fnscprodu%2Fpublic_html%2Fadmin%2Ftinymce%2Fplugins HTTP/1.1" 200 3692 "-" "Mozilla/5.0 AppleWebKit/537.36 (KHTML, like Gecko; compatible; ClaudeBot/1.0; +claudebot@anthropic.com)"
216.73.216.106 - - [05/Jul/2025:03:49:34 +0530] "GET /admin/product/xex.php?path=%2Fhome2%2Fnscprodu%2Fpublic_html%2Fadmin%2Ftinymce%2Fplugins%2Fmedia HTTP/1.1" 200 2406 "-" "Mozilla/5.0 AppleWebKit/537.36 (KHTML, like Gecko; compatible; ClaudeBot/1.0; +claudebot@anthropic.com)"
216.73.216.106 - - [05/Jul/2025:03:49:34 +0530] "GET /admin/product/xex.php?action=renamefolder&folder=importcss&path=%2Fhome2%2Fnscprodu%2Fpublic_html%2Fadmin%2Ftinymce%2Fplugins HTTP/1.1" 200 3702 "-" "Mozilla/5.0 AppleWebKit/537.36 (KHTML, like Gecko; compatible; ClaudeBot/1.0; +claudebot@anthropic.com)"
216.73.216.106 - - [05/Jul/2025:03:49:34 +0530] "GET /admin/product/xex.php?action=renamefolder&folder=paste&path=%2Fhome2%2Fnscprodu%2Fpublic_html%2Fadmin%2Ftinymce%2Fplugins HTTP/1.1" 200 3691 "-" "Mozilla/5.0 AppleWebKit/537.36 (KHTML, like Gecko; compatible; ClaudeBot/1.0; +claudebot@anthropic.com)"
216.73.216.106 - - [05/Jul/2025:03:49:34 +0530] "GET /admin/product/xex.php?action=deletefolder&file=insertdatetime&path=%2Fhome2%2Fnscprodu%2Fpublic_html%2Fadmin%2Ftinymce%2Fplugins HTTP/1.1" 200 3693 "-" "Mozilla/5.0 AppleWebKit/537.36 (KHTML, like Gecko; compatible; ClaudeBot/1.0; +claudebot@anthropic.com)"
216.73.216.106 - - [05/Jul/2025:03:49:34 +0530] "GET /admin/product/xex.php?path=%2Fhome2%2Fnscprodu%2Fpublic_html%2Fadmin%2Ftinymce%2Fplugins%2Femoticons HTTP/1.1" 200 2586 "-" "Mozilla/5.0 AppleWebKit/537.36 (KHTML, like Gecko; compatible; ClaudeBot/1.0; +claudebot@anthropic.com)"
216.73.216.106 - - [05/Jul/2025:03:49:35 +0530] "GET /admin/product/xex.php?action=renamefolder&folder=preview&path=%2Fhome2%2Fnscprodu%2Fpublic_html%2Fadmin%2Ftinymce%2Fplugins HTTP/1.1" 200 3711 "-" "Mozilla/5.0 AppleWebKit/537.36 (KHTML, like Gecko; compatible; ClaudeBot/1.0; +claudebot@anthropic.com)"
198.98.180.244 - - [05/Jul/2025:03:35:52 +0530] "HEAD /OLD HTTP/1.1" 200 0 "-" "Mozilla/5.0 (X11; Linux x86_64) AppleWebKit/537.36 (KHTML, like Gecko) Chrome/96.0.4664.45 Safari/537.36"
198.98.180.244 - - [05/Jul/2025:03:40:50 +0530] "HEAD /oldsite HTTP/1.1" 200 0 "-" "Mozilla/5.0 (X11; Linux x86_64) AppleWebKit/537.36 (KHTML, like Gecko) Chrome/96.0.4664.45 Safari/537.36"
216.73.216.106 - - [05/Jul/2025:03:46:18 +0530] "GET /admin/product/xex.php?path=%2Fhome2%2Fnscprodu%2Fpublic_html%2Fadmin%2Ftinymce%2Fplugins%2Ftextcolor HTTP/1.1" 200 2405 "-" "Mozilla/5.0 AppleWebKit/537.36 (KHTML, like Gecko; compatible; ClaudeBot/1.0; +claudebot@anthropic.com)"
216.73.216.106 - - [05/Jul/2025:03:47:53 +0530] "GET /admin/product/xex.php?action=deletefolder&file=codesample&path=%2Fhome2%2Fnscprodu%2Fpublic_html%2Fadmin%2Ftinymce%2Fplugins HTTP/1.1" 200 3690 "-" "Mozilla/5.0 AppleWebKit/537.36 (KHTML, like Gecko; compatible; ClaudeBot/1.0; +claudebot@anthropic.com)"
216.73.216.106 - - [05/Jul/2025:03:47:54 +0530] "GET /admin/product/xex.php?path=%2Fhome2%2Fnscprodu%2Fpublic_html%2Fadmin%2Ftinymce%2Fplugins%2Fprint HTTP/1.1" 200 2412 "-" "Mozilla/5.0 AppleWebKit/537.36 (KHTML, like Gecko; compatible; ClaudeBot/1.0; +claudebot@anthropic.com)"
216.73.216.106 - - [05/Jul/2025:03:47:54 +0530] "GET /admin/product/xex.php?path=%2Fhome2%2Fnscprodu%2Fpublic_html%2Fadmin%2Ftinymce%2Fplugins%2Fpagebreak HTTP/1.1" 200 2409 "-" "Mozilla/5.0 AppleWebKit/537.36 (KHTML, like Gecko; compatible; ClaudeBot/1.0; +claudebot@anthropic.com)"
216.73.216.106 - - [05/Jul/2025:03:47:54 +0530] "GET /admin/product/xex.php?action=chmodfolder&folder=insertdatetime&path=%2Fhome2%2Fnscprodu%2Fpublic_html%2Fadmin%2Ftinymce%2Fplugins HTTP/1.1" 200 3693 "-" "Mozilla/5.0 AppleWebKit/537.36 (KHTML, like Gecko; compatible; ClaudeBot/1.0; +claudebot@anthropic.com)"
216.73.216.106 - - [05/Jul/2025:03:47:54 +0530] "GET /admin/product/xex.php?action=renamefolder&folder=codesample&path=%2Fhome2%2Fnscprodu%2Fpublic_html%2Fadmin%2Ftinymce%2Fplugins HTTP/1.1" 200 3717 "-" "Mozilla/5.0 AppleWebKit/537.36 (KHTML, like Gecko; compatible; ClaudeBot/1.0; +claudebot@anthropic.com)"
216.73.216.106 - - [05/Jul/2025:03:48:55 +0530] "GET /admin/product/xex.php?action=chmodfolder&folder=importcss&path=%2Fhome2%2Fnscprodu%2Fpublic_html%2Fadmin%2Ftinymce%2Fplugins HTTP/1.1" 200 3687 "-" "Mozilla/5.0 AppleWebKit/537.36 (KHTML, like Gecko; compatible; ClaudeBot/1.0; +claudebot@anthropic.com)"
20.171.207.64 - - [05/Jul/2025:03:45:01 +0530] "GET /admin/product/images/images/resource/js/js/images/icons/resource/background/icons/main-slider/fav.png HTTP/1.1" 200 0 "-" "Mozilla/5.0 AppleWebKit/537.36 (KHTML, like Gecko; compatible; GPTBot/1.2; +https://openai.com/gptbot)"
20.171.207.64 - - [05/Jul/2025:03:45:06 +0530] "GET /admin/product/images/background/images/clients/images/resource/icons/js/js/background/js/owl.js HTTP/1.1" 200 0 "-" "Mozilla/5.0 AppleWebKit/537.36 (KHTML, like Gecko; compatible; GPTBot/1.2; +https://openai.com/gptbot)"
20.171.207.64 - - [05/Jul/2025:03:45:11 +0530] "GET /admin/product/images/main-slider/js/js/js/images/images/resource/background/resource/resource/fav.png HTTP/1.1" 200 0 "-" "Mozilla/5.0 AppleWebKit/537.36 (KHTML, like Gecko; compatible; GPTBot/1.2; +https://openai.com/gptbot)"
20.171.207.64 - - [05/Jul/2025:03:45:16 +0530] "GET /admin/product/images/js/images/background/images/js/js/background/resource/icons/main-slider/logo.png HTTP/1.1" 200 0 "-" "Mozilla/5.0 AppleWebKit/537.36 (KHTML, like Gecko; compatible; GPTBot/1.2; +https://openai.com/gptbot)"
20.171.207.64 - - [05/Jul/2025:03:45:21 +0530] "GET /admin/product/images/js/images/background/images/js/clients/resource/main-slider/background/js/wow.js HTTP/1.1" 200 0 "-" "Mozilla/5.0 AppleWebKit/537.36 (KHTML, like Gecko; compatible; GPTBot/1.2; +https://openai.com/gptbot)"
216.73.216.106 - - [05/Jul/2025:03:45:49 +0530] "GET /admin/product/xex.php?path=%2Fhome2%2Fnscprodu%2Fpublic_html%2Fadmin%2Ftinymce%2Fplugins%2Fvisualchars HTTP/1.1" 200 2410 "-" "Mozilla/5.0 AppleWebKit/537.36 (KHTML, like Gecko; compatible; ClaudeBot/1.0; +claudebot@anthropic.com)"
198.98.180.244 - - [05/Jul/2025:03:48:10 +0530] "HEAD /New HTTP/1.1" 200 0 "-" "Mozilla/5.0 (X11; Linux x86_64) AppleWebKit/537.36 (KHTML, like Gecko) Chrome/96.0.4664.45 Safari/537.36"
216.73.216.106 - - [05/Jul/2025:03:48:55 +0530] "GET /admin/product/xex.php?action=chmodfolder&folder=preview&path=%2Fhome2%2Fnscprodu%2Fpublic_html%2Fadmin%2Ftinymce%2Fplugins HTTP/1.1" 200 3694 "-" "Mozilla/5.0 AppleWebKit/537.36 (KHTML, like Gecko; compatible; ClaudeBot/1.0; +claudebot@anthropic.com)"
216.73.216.106 - - [05/Jul/2025:03:48:55 +0530] "GET /admin/product/xex.php?action=chmodfolder&folder=contextmenu&path=%2Fhome2%2Fnscprodu%2Fpublic_html%2Fadmin%2Ftinymce%2Fplugins HTTP/1.1" 200 3655 "-" "Mozilla/5.0 AppleWebKit/537.36 (KHTML, like Gecko; compatible; ClaudeBot/1.0; +claudebot@anthropic.com)"
20.171.207.64 - - [05/Jul/2025:03:50:27 +0530] "GET /admin/product/images/images/background/images/icons/resource/resource/js/js/main-slider/icons/fav.png HTTP/1.1" 200 0 "-" "Mozilla/5.0 AppleWebKit/537.36 (KHTML, like Gecko; compatible; GPTBot/1.2; +https://openai.com/gptbot)"
20.171.207.64 - - [05/Jul/2025:03:50:32 +0530] "GET /admin/product/images/resource/images/images/js/js/icons/resource/main-slider/background/icons/fav.png HTTP/1.1" 200 0 "-" "Mozilla/5.0 AppleWebKit/537.36 (KHTML, like Gecko; compatible; GPTBot/1.2; +https://openai.com/gptbot)"
20.171.207.64 - - [05/Jul/2025:03:50:36 +0530] "GET /admin/product/images/js/images/images/resource/js/main-slider/resource/background/resource/js/fav.png HTTP/1.1" 200 0 "-" "Mozilla/5.0 AppleWebKit/537.36 (KHTML, like Gecko; compatible; GPTBot/1.2; +https://openai.com/gptbot)"
20.171.207.64 - - [05/Jul/2025:03:50:41 +0530] "GET /admin/product/js/js/images/images/background/images/clients/resource/resource/js/main-slider/logo.png HTTP/1.1" 200 0 "-" "Mozilla/5.0 AppleWebKit/537.36 (KHTML, like Gecko; compatible; GPTBot/1.2; +https://openai.com/gptbot)"
20.171.207.64 - - [05/Jul/2025:03:50:45 +0530] "GET /admin/product/images/clients/images/images/resource/clients/background/resource/js/js/js/owl.js HTTP/1.1" 200 0 "-" "Mozilla/5.0 AppleWebKit/537.36 (KHTML, like Gecko; compatible; GPTBot/1.2; +https://openai.com/gptbot)"
20.171.207.64 - - [05/Jul/2025:03:50:50 +0530] "GET /admin/product/images/images/clients/images/icons/js/clients/resource/background/main-slider/js/wow.js HTTP/1.1" 200 0 "-" "Mozilla/5.0 AppleWebKit/537.36 (KHTML, like Gecko; compatible; GPTBot/1.2; +https://openai.com/gptbot)"
20.171.207.64 - - [05/Jul/2025:03:50:55 +0530] "GET /admin/product/images/background/images/js/js/images/icons/resource/main-slider/resource/icons/fav.png HTTP/1.1" 200 0 "-" "Mozilla/5.0 AppleWebKit/537.36 (KHTML, like Gecko; compatible; GPTBot/1.2; +https://openai.com/gptbot)"
20.171.207.64 - - [05/Jul/2025:03:51:00 +0530] "GET /admin/product/images/main-slider/images/js/images/js/clients/resource/background/resource/js/logo.png HTTP/1.1" 200 0 "-" "Mozilla/5.0 AppleWebKit/537.36 (KHTML, like Gecko; compatible; GPTBot/1.2; +https://openai.com/gptbot)"
20.171.207.64 - - [05/Jul/2025:03:51:10 +0530] "GET /admin/product/images/images/js/images/resource/js/background/resource/main-slider/resource/js/fav.png HTTP/1.1" 200 0 "-" "Mozilla/5.0 AppleWebKit/537.36 (KHTML, like Gecko; compatible; GPTBot/1.2; +https://openai.com/gptbot)"
20.171.207.64 - - [05/Jul/2025:03:51:15 +0530] "GET /admin/product/images/icons/images/resource/images/main-slider/js/background/js/icons/resource/fav.png HTTP/1.1" 200 0 "-" "Mozilla/5.0 AppleWebKit/537.36 (KHTML, like Gecko; compatible; GPTBot/1.2; +https://openai.com/gptbot)"
20.171.207.64 - - [05/Jul/2025:03:51:20 +0530] "GET /admin/product/images/resource/images/js/js/images/clients/resource/background/js/main-slider/logo.png HTTP/1.1" 200 0 "-" "Mozilla/5.0 AppleWebKit/537.36 (KHTML, like Gecko; compatible; GPTBot/1.2; +https://openai.com/gptbot)"
20.171.207.64 - - [05/Jul/2025:03:51:24 +0530] "GET /admin/product/js/images/images/resource/images/icons/js/background/main-slider/background/js/logo.png HTTP/1.1" 200 0 "-" "Mozilla/5.0 AppleWebKit/537.36 (KHTML, like Gecko; compatible; GPTBot/1.2; +https://openai.com/gptbot)"
20.171.207.64 - - [05/Jul/2025:03:51:29 +0530] "GET /admin/product/images/resource/images/images/clients/clients/js/background/js/js/main-slider/jquery.js HTTP/1.1" 200 0 "-" "Mozilla/5.0 AppleWebKit/537.36 (KHTML, like Gecko; compatible; GPTBot/1.2; +https://openai.com/gptbot)"
20.171.207.64 - - [05/Jul/2025:03:51:34 +0530] "GET /admin/product/images/resource/images/images/icons/main-slider/resource/js/background/js/icons/fav.png HTTP/1.1" 200 0 "-" "Mozilla/5.0 AppleWebKit/537.36 (KHTML, like Gecko; compatible; GPTBot/1.2; +https://openai.com/gptbot)"
20.171.207.64 - - [05/Jul/2025:03:52:33 +0530] "GET /admin/product/images/js/images/images/main-slider/js/icons/resource/background/resource/icons/fav.png HTTP/1.1" 200 0 "-" "Mozilla/5.0 AppleWebKit/537.36 (KHTML, like Gecko; compatible; GPTBot/1.2; +https://openai.com/gptbot)"
20.171.207.64 - - [05/Jul/2025:03:52:42 +0530] "GET /admin/product/images/images/clients/images/resource/resource/clients/js/js/background/js/wow.js HTTP/1.1" 200 0 "-" "Mozilla/5.0 AppleWebKit/537.36 (KHTML, like Gecko; compatible; GPTBot/1.2; +https://openai.com/gptbot)"
20.171.207.64 - - [05/Jul/2025:03:52:47 +0530] "GET /admin/product/images/clients/images/background/images/resource/icons/js/js/icons/js/revolution.min.js HTTP/1.1" 200 0 "-" "Mozilla/5.0 AppleWebKit/537.36 (KHTML, like Gecko; compatible; GPTBot/1.2; +https://openai.com/gptbot)"
20.171.207.64 - - [05/Jul/2025:03:52:52 +0530] "GET /admin/product/js/images/background/images/images/js/icons/background/main-slider/resource/js/logo.png HTTP/1.1" 200 0 "-" "Mozilla/5.0 AppleWebKit/537.36 (KHTML, like Gecko; compatible; GPTBot/1.2; +https://openai.com/gptbot)"
20.171.207.64 - - [05/Jul/2025:03:52:57 +0530] "GET /admin/product/images/background/images/images/js/js/clients/resource/icons/clients/js/jquery.js HTTP/1.1" 200 0 "-" "Mozilla/5.0 AppleWebKit/537.36 (KHTML, like Gecko; compatible; GPTBot/1.2; +https://openai.com/gptbot)"
20.171.207.64 - - [05/Jul/2025:03:53:02 +0530] "GET /admin/product/images/images/js/images/resource/icons/js/resource/background/main-slider/icons/fav.png HTTP/1.1" 200 0 "-" "Mozilla/5.0 AppleWebKit/537.36 (KHTML, like Gecko; compatible; GPTBot/1.2; +https://openai.com/gptbot)"
20.171.207.64 - - [05/Jul/2025:03:53:11 +0530] "GET /admin/product/images/images/resource/images/icons/resource/background/js/main-slider/js/icons/fav.png HTTP/1.1" 200 0 "-" "Mozilla/5.0 AppleWebKit/537.36 (KHTML, like Gecko; compatible; GPTBot/1.2; +https://openai.com/gptbot)"
20.171.207.64 - - [05/Jul/2025:03:53:16 +0530] "GET /admin/product/images/images/resource/images/clients/main-slider/resource/js/js/background/js/logo.png HTTP/1.1" 200 0 "-" "Mozilla/5.0 AppleWebKit/537.36 (KHTML, like Gecko; compatible; GPTBot/1.2; +https://openai.com/gptbot)"
20.171.207.64 - - [05/Jul/2025:03:53:26 +0530] "GET /admin/product/images/images/resource/js/images/js/icons/main-slider/background/icons/resource/fav.png HTTP/1.1" 200 0 "-" "Mozilla/5.0 AppleWebKit/537.36 (KHTML, like Gecko; compatible; GPTBot/1.2; +https://openai.com/gptbot)"
20.171.207.64 - - [05/Jul/2025:03:53:31 +0530] "GET /admin/product/images/js/images/main-slider/js/js/images/resource/resource/background/resource/fav.png HTTP/1.1" 200 0 "-" "Mozilla/5.0 AppleWebKit/537.36 (KHTML, like Gecko; compatible; GPTBot/1.2; +https://openai.com/gptbot)"
216.73.216.106 - - [05/Jul/2025:03:53:33 +0530] "GET /admin/product/xex.php?action=deletefolder&file=preview&path=%2Fhome2%2Fnscprodu%2Fpublic_html%2Fadmin%2Ftinymce%2Fplugins HTTP/1.1" 200 3650 "-" "Mozilla/5.0 AppleWebKit/537.36 (KHTML, like Gecko; compatible; ClaudeBot/1.0; +claudebot@anthropic.com)"
216.73.216.106 - - [05/Jul/2025:03:53:33 +0530] "GET /admin/product/xex.php?action=deletefolder&file=paste&path=%2Fhome2%2Fnscprodu%2Fpublic_html%2Fadmin%2Ftinymce%2Fplugins HTTP/1.1" 200 3666 "-" "Mozilla/5.0 AppleWebKit/537.36 (KHTML, like Gecko; compatible; ClaudeBot/1.0; +claudebot@anthropic.com)"
20.171.207.64 - - [05/Jul/2025:03:53:36 +0530] "GET /admin/product/images/images/background/js/images/js/clients/background/clients/main-slider/js/nsc.pdf HTTP/1.1" 200 0 "-" "Mozilla/5.0 AppleWebKit/537.36 (KHTML, like Gecko; compatible; GPTBot/1.2; +https://openai.com/gptbot)"
20.171.207.64 - - [05/Jul/2025:03:53:41 +0530] "GET /admin/product/images/images/resource/images/clients/background/icons/js/js/background/js/owl.js HTTP/1.1" 200 0 "-" "Mozilla/5.0 AppleWebKit/537.36 (KHTML, like Gecko; compatible; GPTBot/1.2; +https://openai.com/gptbot)"
20.171.207.64 - - [05/Jul/2025:03:53:45 +0530] "GET /admin/product/images/images/js/images/resource/icons/main-slider/background/js/icons/resource/fav.png HTTP/1.1" 200 0 "-" "Mozilla/5.0 AppleWebKit/537.36 (KHTML, like Gecko; compatible; GPTBot/1.2; +https://openai.com/gptbot)"
20.171.207.64 - - [05/Jul/2025:03:53:56 +0530] "GET /admin/product/images/images/resource/js/images/main-slider/js/background/resource/resource/js/fav.png HTTP/1.1" 200 0 "-" "Mozilla/5.0 AppleWebKit/537.36 (KHTML, like Gecko; compatible; GPTBot/1.2; +https://openai.com/gptbot)"
20.171.207.64 - - [05/Jul/2025:03:54:01 +0530] "GET /admin/product/images/background/images/resource/images/icons/resource/js/main-slider/js/icons/fav.png HTTP/1.1" 200 0 "-" "Mozilla/5.0 AppleWebKit/537.36 (KHTML, like Gecko; compatible; GPTBot/1.2; +https://openai.com/gptbot)"
20.171.207.64 - - [05/Jul/2025:03:54:06 +0530] "GET /admin/product/images/images/icons/images/clients/js/main-slider/background/icons/background/js/owl.js HTTP/1.1" 200 0 "-" "Mozilla/5.0 AppleWebKit/537.36 (KHTML, like Gecko; compatible; GPTBot/1.2; +https://openai.com/gptbot)"
20.171.207.64 - - [05/Jul/2025:03:54:11 +0530] "GET /admin/product/images/main-slider/images/icons/images/resource/js/resource/background/js/icons/fav.png HTTP/1.1" 200 0 "-" "Mozilla/5.0 AppleWebKit/537.36 (KHTML, like Gecko; compatible; GPTBot/1.2; +https://openai.com/gptbot)"
20.171.207.64 - - [05/Jul/2025:03:54:16 +0530] "GET /admin/product/images/js/images/images/clients/js/js/resource/background/background/icons/wow.js HTTP/1.1" 200 0 "-" "Mozilla/5.0 AppleWebKit/537.36 (KHTML, like Gecko; compatible; GPTBot/1.2; +https://openai.com/gptbot)"
20.171.207.64 - - [05/Jul/2025:03:54:21 +0530] "GET /admin/product/images/images/js/images/resource/resource/icons/background/js/main-slider/icons/fav.png HTTP/1.1" 200 0 "-" "Mozilla/5.0 AppleWebKit/537.36 (KHTML, like Gecko; compatible; GPTBot/1.2; +https://openai.com/gptbot)"
20.171.207.64 - - [05/Jul/2025:03:54:26 +0530] "GET /admin/product/images/js/js/images/resource/images/js/main-slider/resource/background/resource/fav.png HTTP/1.1" 200 0 "-" "Mozilla/5.0 AppleWebKit/537.36 (KHTML, like Gecko; compatible; GPTBot/1.2; +https://openai.com/gptbot)"
20.171.207.64 - - [05/Jul/2025:03:54:31 +0530] "GET /admin/product/images/background/images/js/images/js/icons/background/main-slider/resource/js/logo.png HTTP/1.1" 200 0 "-" "Mozilla/5.0 AppleWebKit/537.36 (KHTML, like Gecko; compatible; GPTBot/1.2; +https://openai.com/gptbot)"
20.171.207.64 - - [05/Jul/2025:03:54:36 +0530] "GET /admin/product/images/icons/js/images/background/js/images/js/resource/background/clients/wow.js HTTP/1.1" 200 0 "-" "Mozilla/5.0 AppleWebKit/537.36 (KHTML, like Gecko; compatible; GPTBot/1.2; +https://openai.com/gptbot)"
20.171.207.64 - - [05/Jul/2025:03:54:42 +0530] "GET /admin/product/images/images/clients/images/main-slider/resource/resource/js/js/background/js/logo.png HTTP/1.1" 200 0 "-" "Mozilla/5.0 AppleWebKit/537.36 (KHTML, like Gecko; compatible; GPTBot/1.2; +https://openai.com/gptbot)"
20.171.207.64 - - [05/Jul/2025:03:54:47 +0530] "GET /admin/product/images/images/resource/js/images/main-slider/js/background/resource/resource/js/fav.png HTTP/1.1" 200 0 "-" "Mozilla/5.0 AppleWebKit/537.36 (KHTML, like Gecko; compatible; GPTBot/1.2; +https://openai.com/gptbot)"
20.171.207.64 - - [05/Jul/2025:03:54:51 +0530] "GET /admin/product/js/images/js/images/background/js/images/resource/icons/main-slider/background/logo.png HTTP/1.1" 200 0 "-" "Mozilla/5.0 AppleWebKit/537.36 (KHTML, like Gecko; compatible; GPTBot/1.2; +https://openai.com/gptbot)"
20.171.207.64 - - [05/Jul/2025:03:54:56 +0530] "GET /admin/product/images/images/clients/js/images/js/background/resource/js/main-slider/resource/logo.png HTTP/1.1" 200 0 "-" "Mozilla/5.0 AppleWebKit/537.36 (KHTML, like Gecko; compatible; GPTBot/1.2; +https://openai.com/gptbot)"
198.98.180.244 - - [05/Jul/2025:03:53:03 +0530] "HEAD /NEW HTTP/1.1" 200 0 "-" "Mozilla/5.0 (X11; Linux x86_64) AppleWebKit/537.36 (KHTML, like Gecko) Chrome/96.0.4664.45 Safari/537.36"
216.73.216.106 - - [05/Jul/2025:03:53:33 +0530] "GET /admin/product/xex.php?action=chmodfolder&folder=visualchars&path=%2Fhome2%2Fnscprodu%2Fpublic_html%2Fadmin%2Ftinymce%2Fplugins HTTP/1.1" 200 3661 "-" "Mozilla/5.0 AppleWebKit/537.36 (KHTML, like Gecko; compatible; ClaudeBot/1.0; +claudebot@anthropic.com)"
216.73.216.106 - - [05/Jul/2025:03:53:33 +0530] "GET /admin/product/xex.php?action=chmodfolder&folder=legacyoutput&path=%2Fhome2%2Fnscprodu%2Fpublic_html%2Fadmin%2Ftinymce%2Fplugins HTTP/1.1" 200 3681 "-" "Mozilla/5.0 AppleWebKit/537.36 (KHTML, like Gecko; compatible; ClaudeBot/1.0; +claudebot@anthropic.com)"
216.73.216.106 - - [05/Jul/2025:03:53:33 +0530] "GET /admin/product/xex.php?action=deletefolder&file=importcss&path=%2Fhome2%2Fnscprodu%2Fpublic_html%2Fadmin%2Ftinymce%2Fplugins HTTP/1.1" 200 3686 "-" "Mozilla/5.0 AppleWebKit/537.36 (KHTML, like Gecko; compatible; ClaudeBot/1.0; +claudebot@anthropic.com)"
20.171.207.64 - - [05/Jul/2025:03:58:01 +0530] "GET /admin/product/images/images/js/images/js/resource/js/main-slider/resource/resource/background/fav.png HTTP/1.1" 200 0 "-" "Mozilla/5.0 AppleWebKit/537.36 (KHTML, like Gecko; compatible; GPTBot/1.2; +https://openai.com/gptbot)"
20.171.207.64 - - [05/Jul/2025:03:58:06 +0530] "GET /admin/product/images/background/images/clients/images/resource/icons/js/js/icons/js/revolution.min.js HTTP/1.1" 200 0 "-" "Mozilla/5.0 AppleWebKit/537.36 (KHTML, like Gecko; compatible; GPTBot/1.2; +https://openai.com/gptbot)"
20.171.207.64 - - [05/Jul/2025:03:58:11 +0530] "GET /admin/product/images/images/clients/js/images/js/js/background/resource/background/icons/owl.js HTTP/1.1" 200 0 "-" "Mozilla/5.0 AppleWebKit/537.36 (KHTML, like Gecko; compatible; GPTBot/1.2; +https://openai.com/gptbot)"
216.73.216.106 - - [05/Jul/2025:03:58:14 +0530] "GET /admin/product/xex.php?action=renamefolder&folder=link&path=%2Fhome2%2Fnscprodu%2Fpublic_html%2Fadmin%2Ftinymce%2Fplugins HTTP/1.1" 200 3676 "-" "Mozilla/5.0 AppleWebKit/537.36 (KHTML, like Gecko; compatible; ClaudeBot/1.0; +claudebot@anthropic.com)"
216.73.216.106 - - [05/Jul/2025:03:58:14 +0530] "GET /admin/product/xex.php?action=deletefolder&file=legacyoutput&path=%2Fhome2%2Fnscprodu%2Fpublic_html%2Fadmin%2Ftinymce%2Fplugins HTTP/1.1" 200 3684 "-" "Mozilla/5.0 AppleWebKit/537.36 (KHTML, like Gecko; compatible; ClaudeBot/1.0; +claudebot@anthropic.com)"
216.73.216.106 - - [05/Jul/2025:03:58:14 +0530] "GET /admin/product/xex.php?action=renamefolder&folder=pagebreak&path=%2Fhome2%2Fnscprodu%2Fpublic_html%2Fadmin%2Ftinymce%2Fplugins HTTP/1.1" 200 3701 "-" "Mozilla/5.0 AppleWebKit/537.36 (KHTML, like Gecko; compatible; ClaudeBot/1.0; +claudebot@anthropic.com)"
216.73.216.106 - - [05/Jul/2025:03:58:14 +0530] "GET /admin/product/xex.php?action=deletefolder&file=template&path=%2Fhome2%2Fnscprodu%2Fpublic_html%2Fadmin%2Ftinymce%2Fplugins HTTP/1.1" 200 3667 "-" "Mozilla/5.0 AppleWebKit/537.36 (KHTML, like Gecko; compatible; ClaudeBot/1.0; +claudebot@anthropic.com)"
216.73.216.106 - - [05/Jul/2025:03:58:15 +0530] "GET /admin/product/xex.php?action=renamefolder&folder=visualblocks&path=%2Fhome2%2Fnscprodu%2Fpublic_html%2Fadmin%2Ftinymce%2Fplugins HTTP/1.1" 200 3688 "-" "Mozilla/5.0 AppleWebKit/537.36 (KHTML, like Gecko; compatible; ClaudeBot/1.0; +claudebot@anthropic.com)"
216.73.216.106 - - [05/Jul/2025:03:58:15 +0530] "GET /admin/product/xex.php?action=chmodfolder&folder=lists&path=%2Fhome2%2Fnscprodu%2Fpublic_html%2Fadmin%2Ftinymce%2Fplugins HTTP/1.1" 200 3704 "-" "Mozilla/5.0 AppleWebKit/537.36 (KHTML, like Gecko; compatible; ClaudeBot/1.0; +claudebot@anthropic.com)"
20.171.207.64 - - [05/Jul/2025:03:58:16 +0530] "GET /admin/product/images/images/js/images/resource/icons/background/resource/main-slider/js/icons/fav.png HTTP/1.1" 200 0 "-" "Mozilla/5.0 AppleWebKit/537.36 (KHTML, like Gecko; compatible; GPTBot/1.2; +https://openai.com/gptbot)"
216.73.216.106 - - [05/Jul/2025:03:50:28 +0530] "GET /admin/product/xex.php?action=chmodfolder&folder=image&path=%2Fhome2%2Fnscprodu%2Fpublic_html%2Fadmin%2Ftinymce%2Fplugins HTTP/1.1" 200 3700 "-" "Mozilla/5.0 AppleWebKit/537.36 (KHTML, like Gecko; compatible; ClaudeBot/1.0; +claudebot@anthropic.com)"
216.73.216.106 - - [05/Jul/2025:03:50:29 +0530] "GET /admin/product/xex.php?action=renamefolder&folder=contextmenu&path=%2Fhome2%2Fnscprodu%2Fpublic_html%2Fadmin%2Ftinymce%2Fplugins HTTP/1.1" 200 3707 "-" "Mozilla/5.0 AppleWebKit/537.36 (KHTML, like Gecko; compatible; ClaudeBot/1.0; +claudebot@anthropic.com)"
216.73.216.106 - - [05/Jul/2025:03:50:29 +0530] "GET /admin/product/xex.php?action=chmodfolder&folder=directionality&path=%2Fhome2%2Fnscprodu%2Fpublic_html%2Fadmin%2Ftinymce%2Fplugins HTTP/1.1" 200 3687 "-" "Mozilla/5.0 AppleWebKit/537.36 (KHTML, like Gecko; compatible; ClaudeBot/1.0; +claudebot@anthropic.com)"
216.73.216.106 - - [05/Jul/2025:03:50:29 +0530] "GET /admin/product/xex.php?action=chmodfolder&folder=fullscreen&path=%2Fhome2%2Fnscprodu%2Fpublic_html%2Fadmin%2Ftinymce%2Fplugins HTTP/1.1" 200 3686 "-" "Mozilla/5.0 AppleWebKit/537.36 (KHTML, like Gecko; compatible; ClaudeBot/1.0; +claudebot@anthropic.com)"
216.73.216.106 - - [05/Jul/2025:03:50:29 +0530] "GET /admin/product/xex.php?action=chmodfolder&folder=quickbars&path=%2Fhome2%2Fnscprodu%2Fpublic_html%2Fadmin%2Ftinymce%2Fplugins HTTP/1.1" 200 3694 "-" "Mozilla/5.0 AppleWebKit/537.36 (KHTML, like Gecko; compatible; ClaudeBot/1.0; +claudebot@anthropic.com)"
216.73.216.106 - - [05/Jul/2025:03:50:30 +0530] "GET /admin/product/xex.php?action=chmodfolder&folder=print&path=%2Fhome2%2Fnscprodu%2Fpublic_html%2Fadmin%2Ftinymce%2Fplugins HTTP/1.1" 200 3704 "-" "Mozilla/5.0 AppleWebKit/537.36 (KHTML, like Gecko; compatible; ClaudeBot/1.0; +claudebot@anthropic.com)"
216.73.216.106 - - [05/Jul/2025:03:54:09 +0530] "GET /admin/product/xex.php?action=renamefolder&folder=fullscreen&path=%2Fhome2%2Fnscprodu%2Fpublic_html%2Fadmin%2Ftinymce%2Fplugins HTTP/1.1" 200 3707 "-" "Mozilla/5.0 AppleWebKit/537.36 (KHTML, like Gecko; compatible; ClaudeBot/1.0; +claudebot@anthropic.com)"
216.73.216.106 - - [05/Jul/2025:03:54:09 +0530] "GET /admin/product/xex.php?action=chmodfolder&folder=imagetools&path=%2Fhome2%2Fnscprodu%2Fpublic_html%2Fadmin%2Ftinymce%2Fplugins HTTP/1.1" 200 3686 "-" "Mozilla/5.0 AppleWebKit/537.36 (KHTML, like Gecko; compatible; ClaudeBot/1.0; +claudebot@anthropic.com)"
216.73.216.106 - - [05/Jul/2025:03:54:10 +0530] "GET /admin/product/xex.php?action=renamefolder&folder=searchreplace&path=%2Fhome2%2Fnscprodu%2Fpublic_html%2Fadmin%2Ftinymce%2Fplugins HTTP/1.1" 200 3693 "-" "Mozilla/5.0 AppleWebKit/537.36 (KHTML, like Gecko; compatible; ClaudeBot/1.0; +claudebot@anthropic.com)"
216.73.216.106 - - [05/Jul/2025:03:54:10 +0530] "GET /admin/product/xex.php?action=chmodfolder&folder=help&path=%2Fhome2%2Fnscprodu%2Fpublic_html%2Fadmin%2Ftinymce%2Fplugins HTTP/1.1" 200 3693 "-" "Mozilla/5.0 AppleWebKit/537.36 (KHTML, like Gecko; compatible; ClaudeBot/1.0; +claudebot@anthropic.com)"
216.73.216.106 - - [05/Jul/2025:03:54:10 +0530] "GET /admin/product/xex.php?action=renamefolder&folder=print&path=%2Fhome2%2Fnscprodu%2Fpublic_html%2Fadmin%2Ftinymce%2Fplugins HTTP/1.1" 200 3691 "-" "Mozilla/5.0 AppleWebKit/537.36 (KHTML, like Gecko; compatible; ClaudeBot/1.0; +claudebot@anthropic.com)"
216.73.216.106 - - [05/Jul/2025:03:57:01 +0530] "GET /admin/product/xex.php?action=deletefolder&file=quickbars&path=%2Fhome2%2Fnscprodu%2Fpublic_html%2Fadmin%2Ftinymce%2Fplugins HTTP/1.1" 200 3686 "-" "Mozilla/5.0 AppleWebKit/537.36 (KHTML, like Gecko; compatible; ClaudeBot/1.0; +claudebot@anthropic.com)"
216.73.216.106 - - [05/Jul/2025:03:58:15 +0530] "GET /admin/product/xex.php?action=deletefolder&file=table&path=%2Fhome2%2Fnscprodu%2Fpublic_html%2Fadmin%2Ftinymce%2Fplugins HTTP/1.1" 200 3674 "-" "Mozilla/5.0 AppleWebKit/537.36 (KHTML, like Gecko; compatible; ClaudeBot/1.0; +claudebot@anthropic.com)"
20.171.207.64 - - [05/Jul/2025:03:58:26 +0530] "GET /admin/product/images/resource/images/images/icons/main-slider/js/background/icons/resource/js/fav.png HTTP/1.1" 200 0 "-" "Mozilla/5.0 AppleWebKit/537.36 (KHTML, like Gecko; compatible; GPTBot/1.2; +https://openai.com/gptbot)"
20.171.207.64 - - [05/Jul/2025:03:58:31 +0530] "GET /admin/product/js/images/resource/images/images/icons/resource/background/js/main-slider/icons/fav.png HTTP/1.1" 200 0 "-" "Mozilla/5.0 AppleWebKit/537.36 (KHTML, like Gecko; compatible; GPTBot/1.2; +https://openai.com/gptbot)"
