20.171.207.64 - - [05/Jul/2025:03:58:36 +0530] "GET /admin/product/images/images/background/images/resource/icons/js/js/main-slider/icons/resource/fav.png HTTP/1.1" 200 0 "-" "Mozilla/5.0 AppleWebKit/537.36 (KHTML, like Gecko; compatible; GPTBot/1.2; +https://openai.com/gptbot)"
20.171.207.64 - - [05/Jul/2025:03:58:41 +0530] "GET /admin/product/images/clients/images/background/images/resource/icons/js/js/background/js/wow.js HTTP/1.1" 200 0 "-" "Mozilla/5.0 AppleWebKit/537.36 (KHTML, like Gecko; compatible; GPTBot/1.2; +https://openai.com/gptbot)"
20.171.207.64 - - [05/Jul/2025:03:58:47 +0530] "GET /admin/product/images/images/js/images/background/js/icons/main-slider/icons/background/icons/logo.png HTTP/1.1" 200 0 "-" "Mozilla/5.0 AppleWebKit/537.36 (KHTML, like Gecko; compatible; GPTBot/1.2; +https://openai.com/gptbot)"
20.171.207.64 - - [05/Jul/2025:03:58:52 +0530] "GET /admin/product/images/icons/js/images/images/background/background/icons/icons/js/js/revolution.min.js HTTP/1.1" 200 0 "-" "Mozilla/5.0 AppleWebKit/537.36 (KHTML, like Gecko; compatible; GPTBot/1.2; +https://openai.com/gptbot)"
20.171.207.64 - - [05/Jul/2025:03:58:56 +0530] "GET /admin/product/images/main-slider/images/js/images/js/js/resource/resource/background/resource/fav.png HTTP/1.1" 200 0 "-" "Mozilla/5.0 AppleWebKit/537.36 (KHTML, like Gecko; compatible; GPTBot/1.2; +https://openai.com/gptbot)"
216.73.216.106 - - [05/Jul/2025:03:59:01 +0530] "GET /admin/product/xex.php?action=chmodfolder&folder=autosave&path=%2Fhome2%2Fnscprodu%2Fpublic_html%2Fadmin%2Ftinymce%2Fplugins HTTP/1.1" 200 3686 "-" "Mozilla/5.0 AppleWebKit/537.36 (KHTML, like Gecko; compatible; ClaudeBot/1.0; +claudebot@anthropic.com)"
216.73.216.106 - - [05/Jul/2025:03:59:01 +0530] "GET /admin/product/xex.php?action=renamefolder&folder=tabfocus&path=%2Fhome2%2Fnscprodu%2Fpublic_html%2Fadmin%2Ftinymce%2Fplugins HTTP/1.1" 200 3698 "-" "Mozilla/5.0 AppleWebKit/537.36 (KHTML, like Gecko; compatible; ClaudeBot/1.0; +claudebot@anthropic.com)"
20.171.207.64 - - [05/Jul/2025:03:59:01 +0530] "GET /admin/product/images/js/images/icons/js/images/resource/resource/background/main-slider/icons/fav.png HTTP/1.1" 200 0 "-" "Mozilla/5.0 AppleWebKit/537.36 (KHTML, like Gecko; compatible; GPTBot/1.2; +https://openai.com/gptbot)"
20.171.207.64 - - [05/Jul/2025:03:59:11 +0530] "GET /admin/product/images/background/js/images/js/images/clients/resource/icons/main-slider/icons/logo.png HTTP/1.1" 200 0 "-" "Mozilla/5.0 AppleWebKit/537.36 (KHTML, like Gecko; compatible; GPTBot/1.2; +https://openai.com/gptbot)"
20.171.207.64 - - [05/Jul/2025:03:59:15 +0530] "GET /admin/product/images/icons/js/js/images/js/images/main-slider/resource/background/background/logo.png HTTP/1.1" 200 0 "-" "Mozilla/5.0 AppleWebKit/537.36 (KHTML, like Gecko; compatible; GPTBot/1.2; +https://openai.com/gptbot)"
20.171.207.64 - - [05/Jul/2025:03:59:20 +0530] "GET /admin/product/images/js/js/images/background/images/clients/resource/resource/js/main-slider/logo.png HTTP/1.1" 200 0 "-" "Mozilla/5.0 AppleWebKit/537.36 (KHTML, like Gecko; compatible; GPTBot/1.2; +https://openai.com/gptbot)"
20.171.207.64 - - [05/Jul/2025:03:59:25 +0530] "GET /admin/product/images/images/resource/js/js/images/icons/background/main-slider/resource/icons/fav.png HTTP/1.1" 200 0 "-" "Mozilla/5.0 AppleWebKit/537.36 (KHTML, like Gecko; compatible; GPTBot/1.2; +https://openai.com/gptbot)"
20.171.207.64 - - [05/Jul/2025:03:51:39 +0530] "GET /admin/product/images/images/clients/images/js/js/background/background/resource/main-slider/js/wow.js HTTP/1.1" 200 0 "-" "Mozilla/5.0 AppleWebKit/537.36 (KHTML, like Gecko; compatible; GPTBot/1.2; +https://openai.com/gptbot)"
20.171.207.64 - - [05/Jul/2025:03:51:44 +0530] "GET /admin/product/images/js/images/images/background/js/resource/js/background/icons/main-slider/logo.png HTTP/1.1" 200 0 "-" "Mozilla/5.0 AppleWebKit/537.36 (KHTML, like Gecko; compatible; GPTBot/1.2; +https://openai.com/gptbot)"
20.171.207.64 - - [05/Jul/2025:03:51:54 +0530] "GET /admin/product/js/js/images/clients/images/resource/images/js/main-slider/background/resource/logo.png HTTP/1.1" 200 0 "-" "Mozilla/5.0 AppleWebKit/537.36 (KHTML, like Gecko; compatible; GPTBot/1.2; +https://openai.com/gptbot)"
20.171.207.64 - - [05/Jul/2025:03:51:59 +0530] "GET /admin/product/images/images/js/images/resource/js/js/background/background/icons/main-slider/logo.png HTTP/1.1" 200 0 "-" "Mozilla/5.0 AppleWebKit/537.36 (KHTML, like Gecko; compatible; GPTBot/1.2; +https://openai.com/gptbot)"
20.171.207.64 - - [05/Jul/2025:03:52:04 +0530] "GET /admin/product/images/images/icons/images/main-slider/icons/js/resource/resource/background/js/fav.png HTTP/1.1" 200 0 "-" "Mozilla/5.0 AppleWebKit/537.36 (KHTML, like Gecko; compatible; GPTBot/1.2; +https://openai.com/gptbot)"
20.171.207.64 - - [05/Jul/2025:03:52:09 +0530] "GET /admin/product/images/images/js/images/resource/js/icons/main-slider/background/icons/resource/fav.png HTTP/1.1" 200 0 "-" "Mozilla/5.0 AppleWebKit/537.36 (KHTML, like Gecko; compatible; GPTBot/1.2; +https://openai.com/gptbot)"
20.171.207.64 - - [05/Jul/2025:03:52:14 +0530] "GET /admin/product/images/images/background/images/js/resource/resource/js/main-slider/icons/icons/fav.png HTTP/1.1" 200 0 "-" "Mozilla/5.0 AppleWebKit/537.36 (KHTML, like Gecko; compatible; GPTBot/1.2; +https://openai.com/gptbot)"
20.171.207.64 - - [05/Jul/2025:03:52:19 +0530] "GET /admin/product/images/clients/images/images/icons/main-slider/clients/js/background/resource/js/wow.js HTTP/1.1" 200 0 "-" "Mozilla/5.0 AppleWebKit/537.36 (KHTML, like Gecko; compatible; GPTBot/1.2; +https://openai.com/gptbot)"
216.73.216.106 - - [05/Jul/2025:03:54:51 +0530] "GET /admin/product/xex.php?action=chmodfolder&folder=autoresize&path=%2Fhome2%2Fnscprodu%2Fpublic_html%2Fadmin%2Ftinymce%2Fplugins HTTP/1.1" 200 3685 "-" "Mozilla/5.0 AppleWebKit/537.36 (KHTML, like Gecko; compatible; ClaudeBot/1.0; +claudebot@anthropic.com)"
216.73.216.106 - - [05/Jul/2025:03:54:51 +0530] "GET /admin/product/xex.php?action=chmodfolder&folder=advlist&path=%2Fhome2%2Fnscprodu%2Fpublic_html%2Fadmin%2Ftinymce%2Fplugins HTTP/1.1" 200 3694 "-" "Mozilla/5.0 AppleWebKit/537.36 (KHTML, like Gecko; compatible; ClaudeBot/1.0; +claudebot@anthropic.com)"
216.73.216.106 - - [05/Jul/2025:03:54:52 +0530] "GET /admin/product/xex.php?action=renamefolder&folder=image&path=%2Fhome2%2Fnscprodu%2Fpublic_html%2Fadmin%2Ftinymce%2Fplugins HTTP/1.1" 200 3692 "-" "Mozilla/5.0 AppleWebKit/537.36 (KHTML, like Gecko; compatible; ClaudeBot/1.0; +claudebot@anthropic.com)"
216.73.216.106 - - [05/Jul/2025:03:54:52 +0530] "GET /admin/product/xex.php?action=renamefolder&folder=toc&path=%2Fhome2%2Fnscprodu%2Fpublic_html%2Fadmin%2Ftinymce%2Fplugins HTTP/1.1" 200 3688 "-" "Mozilla/5.0 AppleWebKit/537.36 (KHTML, like Gecko; compatible; ClaudeBot/1.0; +claudebot@anthropic.com)"
216.73.216.106 - - [05/Jul/2025:03:54:52 +0530] "GET /admin/product/xex.php?action=deletefolder&file=contextmenu&path=%2Fhome2%2Fnscprodu%2Fpublic_html%2Fadmin%2Ftinymce%2Fplugins HTTP/1.1" 200 3681 "-" "Mozilla/5.0 AppleWebKit/537.36 (KHTML, like Gecko; compatible; ClaudeBot/1.0; +claudebot@anthropic.com)"
216.73.216.106 - - [05/Jul/2025:03:54:52 +0530] "GET /admin/product/xex.php?action=renamefolder&folder=directionality&path=%2Fhome2%2Fnscprodu%2Fpublic_html%2Fadmin%2Ftinymce%2Fplugins HTTP/1.1" 200 3706 "-" "Mozilla/5.0 AppleWebKit/537.36 (KHTML, like Gecko; compatible; ClaudeBot/1.0; +claudebot@anthropic.com)"
20.171.207.64 - - [05/Jul/2025:03:59:30 +0530] "GET /admin/product/images/images/resource/js/images/icons/js/main-slider/resource/icons/background/fav.png HTTP/1.1" 200 0 "-" "Mozilla/5.0 AppleWebKit/537.36 (KHTML, like Gecko; compatible; GPTBot/1.2; +https://openai.com/gptbot)"
20.171.207.64 - - [05/Jul/2025:03:59:35 +0530] "GET /admin/product/js/js/images/resource/images/images/clients/resource/background/js/clients/owl.js HTTP/1.1" 200 0 "-" "Mozilla/5.0 AppleWebKit/537.36 (KHTML, like Gecko; compatible; GPTBot/1.2; +https://openai.com/gptbot)"
20.171.207.64 - - [05/Jul/2025:03:59:40 +0530] "GET /admin/product/images/images/icons/images/js/background/js/resource/main-slider/resource/icons/fav.png HTTP/1.1" 200 0 "-" "Mozilla/5.0 AppleWebKit/537.36 (KHTML, like Gecko; compatible; GPTBot/1.2; +https://openai.com/gptbot)"
20.171.207.64 - - [05/Jul/2025:03:59:45 +0530] "GET /admin/product/images/js/images/main-slider/images/js/icons/resource/background/resource/icons/fav.png HTTP/1.1" 200 0 "-" "Mozilla/5.0 AppleWebKit/537.36 (KHTML, like Gecko; compatible; GPTBot/1.2; +https://openai.com/gptbot)"
20.171.207.64 - - [05/Jul/2025:03:59:50 +0530] "GET /admin/product/images/resource/images/js/images/js/js/main-slider/background/resource/resource/fav.png HTTP/1.1" 200 0 "-" "Mozilla/5.0 AppleWebKit/537.36 (KHTML, like Gecko; compatible; GPTBot/1.2; +https://openai.com/gptbot)"
20.171.207.64 - - [05/Jul/2025:03:59:54 +0530] "GET /admin/product/images/resource/images/images/js/icons/resource/background/js/icons/main-slider/fav.png HTTP/1.1" 200 0 "-" "Mozilla/5.0 AppleWebKit/537.36 (KHTML, like Gecko; compatible; GPTBot/1.2; +https://openai.com/gptbot)"
20.171.207.64 - - [05/Jul/2025:03:59:59 +0530] "GET /admin/product/images/js/images/images/background/js/icons/resource/main-slider/resource/icons/fav.png HTTP/1.1" 200 0 "-" "Mozilla/5.0 AppleWebKit/537.36 (KHTML, like Gecko; compatible; GPTBot/1.2; +https://openai.com/gptbot)"
20.171.207.64 - - [05/Jul/2025:04:00:04 +0530] "GET /admin/product/images/clients/js/js/images/resource/js/images/background/resource/main-slider/logo.png HTTP/1.1" 200 0 "-" "Mozilla/5.0 AppleWebKit/537.36 (KHTML, like Gecko; compatible; GPTBot/1.2; +https://openai.com/gptbot)"
20.171.207.64 - - [05/Jul/2025:04:00:09 +0530] "GET /admin/product/js/images/background/js/images/images/js/background/resource/icons/main-slider/logo.png HTTP/1.1" 200 0 "-" "Mozilla/5.0 AppleWebKit/537.36 (KHTML, like Gecko; compatible; GPTBot/1.2; +https://openai.com/gptbot)"
20.171.207.64 - - [05/Jul/2025:04:00:14 +0530] "GET /admin/product/images/images/resource/js/js/images/icons/background/main-slider/resource/icons/fav.png HTTP/1.1" 200 0 "-" "Mozilla/5.0 AppleWebKit/537.36 (KHTML, like Gecko; compatible; GPTBot/1.2; +https://openai.com/gptbot)"
20.171.207.64 - - [05/Jul/2025:04:00:19 +0530] "GET /admin/product/js/js/images/images/resource/images/clients/background/js/resource/main-slider/logo.png HTTP/1.1" 200 0 "-" "Mozilla/5.0 AppleWebKit/537.36 (KHTML, like Gecko; compatible; GPTBot/1.2; +https://openai.com/gptbot)"
20.171.207.64 - - [05/Jul/2025:04:00:23 +0530] "GET /admin/product/images/images/js/images/clients/js/js/resource/background/main-slider/resource/logo.png HTTP/1.1" 200 0 "-" "Mozilla/5.0 AppleWebKit/537.36 (KHTML, like Gecko; compatible; GPTBot/1.2; +https://openai.com/gptbot)"
20.171.207.64 - - [05/Jul/2025:04:00:28 +0530] "GET /admin/product/images/icons/js/js/images/js/images/background/resource/main-slider/background/logo.png HTTP/1.1" 200 0 "-" "Mozilla/5.0 AppleWebKit/537.36 (KHTML, like Gecko; compatible; GPTBot/1.2; +https://openai.com/gptbot)"
20.171.207.64 - - [05/Jul/2025:04:00:33 +0530] "GET /admin/product/images/background/js/js/images/js/images/resource/main-slider/resource/resource/fav.png HTTP/1.1" 200 0 "-" "Mozilla/5.0 AppleWebKit/537.36 (KHTML, like Gecko; compatible; GPTBot/1.2; +https://openai.com/gptbot)"
20.171.207.64 - - [05/Jul/2025:03:55:01 +0530] "GET /admin/product/images/resource/images/js/images/js/icons/background/resource/main-slider/icons/fav.png HTTP/1.1" 200 0 "-" "Mozilla/5.0 AppleWebKit/537.36 (KHTML, like Gecko; compatible; GPTBot/1.2; +https://openai.com/gptbot)"
20.171.207.64 - - [05/Jul/2025:03:55:07 +0530] "GET /admin/product/images/images/clients/images/resource/background/js/clients/js/main-slider/js/jquery.js HTTP/1.1" 200 0 "-" "Mozilla/5.0 AppleWebKit/537.36 (KHTML, like Gecko; compatible; GPTBot/1.2; +https://openai.com/gptbot)"
20.171.207.64 - - [05/Jul/2025:03:57:48 +0530] "GET /admin/product/images/images/icons/images/clients/js/clients/background/main-slider/resource/js/owl.js HTTP/1.1" 200 0 "-" "Mozilla/5.0 AppleWebKit/537.36 (KHTML, like Gecko; compatible; GPTBot/1.2; +https://openai.com/gptbot)"
216.73.216.106 - - [05/Jul/2025:03:59:55 +0530] "GET /admin/product/xex.php?action=renamefolder&folder=lists&path=%2Fhome2%2Fnscprodu%2Fpublic_html%2Fadmin%2Ftinymce%2Fplugins HTTP/1.1" 200 3693 "-" "Mozilla/5.0 AppleWebKit/537.36 (KHTML, like Gecko; compatible; ClaudeBot/1.0; +claudebot@anthropic.com)"
216.73.216.106 - - [05/Jul/2025:04:00:41 +0530] "GET /admin/product/xex.php?action=chmodfolder&folder=spellchecker&path=%2Fhome2%2Fnscprodu%2Fpublic_html%2Fadmin%2Ftinymce%2Fplugins HTTP/1.1" 200 3688 "-" "Mozilla/5.0 AppleWebKit/537.36 (KHTML, like Gecko; compatible; ClaudeBot/1.0; +claudebot@anthropic.com)"
216.73.216.106 - - [05/Jul/2025:04:00:41 +0530] "GET /admin/product/xex.php?action=chmodfolder&folder=anchor&path=%2Fhome2%2Fnscprodu%2Fpublic_html%2Fadmin%2Ftinymce%2Fplugins HTTP/1.1" 200 3702 "-" "Mozilla/5.0 AppleWebKit/537.36 (KHTML, like Gecko; compatible; ClaudeBot/1.0; +claudebot@anthropic.com)"
216.73.216.106 - - [05/Jul/2025:04:00:41 +0530] "GET /admin/product/xex.php?action=renamefolder&folder=autosave&path=%2Fhome2%2Fnscprodu%2Fpublic_html%2Fadmin%2Ftinymce%2Fplugins HTTP/1.1" 200 3701 "-" "Mozilla/5.0 AppleWebKit/537.36 (KHTML, like Gecko; compatible; ClaudeBot/1.0; +claudebot@anthropic.com)"
216.73.216.106 - - [05/Jul/2025:04:00:41 +0530] "GET /admin/product/xex.php?path=%2Fhome2%2Fnscprodu%2Fpublic_html%2Fnscproduct.in%2Fjs HTTP/1.1" 200 3094 "-" "Mozilla/5.0 AppleWebKit/537.36 (KHTML, like Gecko; compatible; ClaudeBot/1.0; +claudebot@anthropic.com)"
216.73.216.106 - - [05/Jul/2025:04:00:41 +0530] "GET /admin/product/xex.php?action=deletefolder&file=tabfocus&path=%2Fhome2%2Fnscprodu%2Fpublic_html%2Fadmin%2Ftinymce%2Fplugins HTTP/1.1" 200 3669 "-" "Mozilla/5.0 AppleWebKit/537.36 (KHTML, like Gecko; compatible; ClaudeBot/1.0; +claudebot@anthropic.com)"
216.73.216.106 - - [05/Jul/2025:04:00:42 +0530] "GET /admin/product/xex.php?action=deletefolder&file=visualblocks&path=%2Fhome2%2Fnscprodu%2Fpublic_html%2Fadmin%2Ftinymce%2Fplugins HTTP/1.1" 200 3683 "-" "Mozilla/5.0 AppleWebKit/537.36 (KHTML, like Gecko; compatible; ClaudeBot/1.0; +claudebot@anthropic.com)"
216.73.216.106 - - [05/Jul/2025:04:00:42 +0530] "GET /admin/product/xex.php?action=chmodfolder&folder=hr&path=%2Fhome2%2Fnscprodu%2Fpublic_html%2Fadmin%2Ftinymce%2Fplugins HTTP/1.1" 200 3699 "-" "Mozilla/5.0 AppleWebKit/537.36 (KHTML, like Gecko; compatible; ClaudeBot/1.0; +claudebot@anthropic.com)"
20.171.207.64 - - [05/Jul/2025:04:02:13 +0530] "GET /admin/product/images/main-slider/js/images/images/js/icons/background/js/background/background/wow.js HTTP/1.1" 200 0 "-" "Mozilla/5.0 AppleWebKit/537.36 (KHTML, like Gecko; compatible; GPTBot/1.2; +https://openai.com/gptbot)"
20.171.207.64 - - [05/Jul/2025:04:02:17 +0530] "GET /admin/product/images/images/resource/images/clients/clients/js/js/resource/background/js/owl.js HTTP/1.1" 200 0 "-" "Mozilla/5.0 AppleWebKit/537.36 (KHTML, like Gecko; compatible; GPTBot/1.2; +https://openai.com/gptbot)"
20.171.207.64 - - [05/Jul/2025:04:02:23 +0530] "GET /admin/product/images/images/main-slider/js/images/js/icons/background/icons/resource/resource/fav.png HTTP/1.1" 200 0 "-" "Mozilla/5.0 AppleWebKit/537.36 (KHTML, like Gecko; compatible; GPTBot/1.2; +https://openai.com/gptbot)"
216.73.216.106 - - [05/Jul/2025:03:50:29 +0530] "GET /admin/product/xex.php?action=chmodfolder&folder=toc&path=%2Fhome2%2Fnscprodu%2Fpublic_html%2Fadmin%2Ftinymce%2Fplugins HTTP/1.1" 200 3684 "-" "Mozilla/5.0 AppleWebKit/537.36 (KHTML, like Gecko; compatible; ClaudeBot/1.0; +claudebot@anthropic.com)"
216.73.216.106 - - [05/Jul/2025:03:55:57 +0530] "GET /admin/product/xex.php?action=chmodfolder&folder=pagebreak&path=%2Fhome2%2Fnscprodu%2Fpublic_html%2Fadmin%2Ftinymce%2Fplugins HTTP/1.1" 200 3696 "-" "Mozilla/5.0 AppleWebKit/537.36 (KHTML, like Gecko; compatible; ClaudeBot/1.0; +claudebot@anthropic.com)"
216.73.216.106 - - [05/Jul/2025:03:57:35 +0530] "GET /admin/product/xex.php?action=renamefolder&folder=advlist&path=%2Fhome2%2Fnscprodu%2Fpublic_html%2Fadmin%2Ftinymce%2Fplugins HTTP/1.1" 200 3711 "-" "Mozilla/5.0 AppleWebKit/537.36 (KHTML, like Gecko; compatible; ClaudeBot/1.0; +claudebot@anthropic.com)"
216.73.216.106 - - [05/Jul/2025:03:57:36 +0530] "GET /admin/product/xex.php?action=deletefolder&file=directionality&path=%2Fhome2%2Fnscprodu%2Fpublic_html%2Fadmin%2Ftinymce%2Fplugins HTTP/1.1" 200 3688 "-" "Mozilla/5.0 AppleWebKit/537.36 (KHTML, like Gecko; compatible; ClaudeBot/1.0; +claudebot@anthropic.com)"
216.73.216.106 - - [05/Jul/2025:03:57:36 +0530] "GET /admin/product/xex.php?action=renamefolder&folder=save&path=%2Fhome2%2Fnscprodu%2Fpublic_html%2Fadmin%2Ftinymce%2Fplugins HTTP/1.1" 200 3675 "-" "Mozilla/5.0 AppleWebKit/537.36 (KHTML, like Gecko; compatible; ClaudeBot/1.0; +claudebot@anthropic.com)"
216.73.216.106 - - [05/Jul/2025:03:57:37 +0530] "GET /admin/product/xex.php?action=renamefolder&folder=autoresize&path=%2Fhome2%2Fnscprodu%2Fpublic_html%2Fadmin%2Ftinymce%2Fplugins HTTP/1.1" 200 3710 "-" "Mozilla/5.0 AppleWebKit/537.36 (KHTML, like Gecko; compatible; ClaudeBot/1.0; +claudebot@anthropic.com)"
216.73.216.106 - - [05/Jul/2025:03:57:37 +0530] "GET /admin/product/xex.php?action=deletefolder&file=image&path=%2Fhome2%2Fnscprodu%2Fpublic_html%2Fadmin%2Ftinymce%2Fplugins HTTP/1.1" 200 3666 "-" "Mozilla/5.0 AppleWebKit/537.36 (KHTML, like Gecko; compatible; ClaudeBot/1.0; +claudebot@anthropic.com)"
216.73.216.106 - - [05/Jul/2025:03:57:38 +0530] "GET /admin/product/xex.php?action=chmodfolder&folder=nonbreaking&path=%2Fhome2%2Fnscprodu%2Fpublic_html%2Fadmin%2Ftinymce%2Fplugins HTTP/1.1" 200 3660 "-" "Mozilla/5.0 AppleWebKit/537.36 (KHTML, like Gecko; compatible; ClaudeBot/1.0; +claudebot@anthropic.com)"
216.73.216.106 - - [05/Jul/2025:03:57:38 +0530] "GET /admin/product/xex.php?action=deletefolder&file=toc&path=%2Fhome2%2Fnscprodu%2Fpublic_html%2Fadmin%2Ftinymce%2Fplugins HTTP/1.1" 200 3692 "-" "Mozilla/5.0 AppleWebKit/537.36 (KHTML, like Gecko; compatible; ClaudeBot/1.0; +claudebot@anthropic.com)"
216.73.216.106 - - [05/Jul/2025:03:59:55 +0530] "GET /admin/product/xex.php?action=chmodfolder&folder=fullpage&path=%2Fhome2%2Fnscprodu%2Fpublic_html%2Fadmin%2Ftinymce%2Fplugins HTTP/1.1" 200 3684 "-" "Mozilla/5.0 AppleWebKit/537.36 (KHTML, like Gecko; compatible; ClaudeBot/1.0; +claudebot@anthropic.com)"
216.73.216.106 - - [05/Jul/2025:04:02:39 +0530] "GET /admin/product/xex.php?action=newfolder&path=%2Fhome2%2Fnscprodu%2Fpublic_html%2Fadmin%2Ftinymce%2Flangs HTTP/1.1" 200 2572 "-" "Mozilla/5.0 AppleWebKit/537.36 (KHTML, like Gecko; compatible; ClaudeBot/1.0; +claudebot@anthropic.com)"
216.73.216.106 - - [05/Jul/2025:04:02:40 +0530] "GET /admin/product/xex.php?action=chmodfolder&folder=charmap&path=%2Fhome2%2Fnscprodu%2Fpublic_html%2Fadmin%2Ftinymce%2Fplugins HTTP/1.1" 200 3689 "-" "Mozilla/5.0 AppleWebKit/537.36 (KHTML, like Gecko; compatible; ClaudeBot/1.0; +claudebot@anthropic.com)"
216.73.216.106 - - [05/Jul/2025:04:02:40 +0530] "GET /admin/product/xex.php?action=renamefolder&folder=anchor&path=%2Fhome2%2Fnscprodu%2Fpublic_html%2Fadmin%2Ftinymce%2Fplugins HTTP/1.1" 200 3708 "-" "Mozilla/5.0 AppleWebKit/537.36 (KHTML, like Gecko; compatible; ClaudeBot/1.0; +claudebot@anthropic.com)"
114.119.156.110 - - [05/Jul/2025:03:51:00 +0530] "GET /jyxx/002001/002001001/20191012/admin/product/OT5.jpg HTTP/1.1" 200 0 "http://www.nscproduct.com/jyxx/002001/002001001/20191012/portfolio-standard.html" "Mozilla/5.0 (Linux; Android 7.0;) AppleWebKit/537.36 (KHTML, like Gecko) Mobile Safari/537.36 (compatible; PetalBot;+https://webmaster.petalsearch.com/site/petalbot)"
20.171.207.64 - - [05/Jul/2025:04:01:09 +0530] "GET /admin/product/images/images/js/js/images/resource/icons/main-slider/background/icons/resource/fav.png HTTP/1.1" 200 0 "-" "Mozilla/5.0 AppleWebKit/537.36 (KHTML, like Gecko; compatible; GPTBot/1.2; +https://openai.com/gptbot)"
20.171.207.64 - - [05/Jul/2025:04:01:13 +0530] "GET /admin/product/images/icons/images/resource/images/background/icons/js/resource/main-slider/js/fav.png HTTP/1.1" 200 0 "-" "Mozilla/5.0 AppleWebKit/537.36 (KHTML, like Gecko; compatible; GPTBot/1.2; +https://openai.com/gptbot)"
20.171.207.64 - - [05/Jul/2025:04:01:19 +0530] "GET /admin/product/images/images/resource/images/js/js/js/background/main-slider/resource/resource/fav.png HTTP/1.1" 200 0 "-" "Mozilla/5.0 AppleWebKit/537.36 (KHTML, like Gecko; compatible; GPTBot/1.2; +https://openai.com/gptbot)"
20.171.207.64 - - [05/Jul/2025:04:01:24 +0530] "GET /admin/product/js/images/images/resource/images/js/js/resource/main-slider/clients/background/logo.png HTTP/1.1" 200 0 "-" "Mozilla/5.0 AppleWebKit/537.36 (KHTML, like Gecko; compatible; GPTBot/1.2; +https://openai.com/gptbot)"
20.171.207.64 - - [05/Jul/2025:04:01:28 +0530] "GET /admin/product/js/js/js/images/images/clients/images/background/resource/main-slider/background/wow.js HTTP/1.1" 200 0 "-" "Mozilla/5.0 AppleWebKit/537.36 (KHTML, like Gecko; compatible; GPTBot/1.2; +https://openai.com/gptbot)"
20.171.207.64 - - [05/Jul/2025:04:01:33 +0530] "GET /admin/product/images/images/main-slider/js/images/js/icons/resource/background/background/js/logo.png HTTP/1.1" 200 0 "-" "Mozilla/5.0 AppleWebKit/537.36 (KHTML, like Gecko; compatible; GPTBot/1.2; +https://openai.com/gptbot)"
20.171.207.64 - - [05/Jul/2025:04:01:43 +0530] "GET /admin/product/js/images/js/images/background/images/js/resource/icons/background/main-slider/logo.png HTTP/1.1" 200 0 "-" "Mozilla/5.0 AppleWebKit/537.36 (KHTML, like Gecko; compatible; GPTBot/1.2; +https://openai.com/gptbot)"
20.171.207.64 - - [05/Jul/2025:04:01:48 +0530] "GET /admin/product/js/js/images/images/icons/js/images/resource/background/main-slider/background/logo.png HTTP/1.1" 200 0 "-" "Mozilla/5.0 AppleWebKit/537.36 (KHTML, like Gecko; compatible; GPTBot/1.2; +https://openai.com/gptbot)"
20.171.207.64 - - [05/Jul/2025:04:01:53 +0530] "GET /admin/product/images/images/clients/js/images/js/background/resource/js/main-slider/background/owl.js HTTP/1.1" 200 0 "-" "Mozilla/5.0 AppleWebKit/537.36 (KHTML, like Gecko; compatible; GPTBot/1.2; +https://openai.com/gptbot)"
20.171.207.64 - - [05/Jul/2025:04:01:57 +0530] "GET /admin/product/images/icons/js/images/js/js/images/background/main-slider/resource/background/logo.png HTTP/1.1" 200 0 "-" "Mozilla/5.0 AppleWebKit/537.36 (KHTML, like Gecko; compatible; GPTBot/1.2; +https://openai.com/gptbot)"
216.73.216.106 - - [05/Jul/2025:04:03:34 +0530] "GET /admin/product/xex.php?action=renamefolder&folder=charmap&path=%2Fhome2%2Fnscprodu%2Fpublic_html%2Fadmin%2Ftinymce%2Fplugins HTTP/1.1" 200 3714 "-" "Mozilla/5.0 AppleWebKit/537.36 (KHTML, like Gecko; compatible; ClaudeBot/1.0; +claudebot@anthropic.com)"
216.73.216.106 - - [05/Jul/2025:04:03:34 +0530] "GET /admin/product/xex.php?action=deletefolder&file=spellchecker&path=%2Fhome2%2Fnscprodu%2Fpublic_html%2Fadmin%2Ftinymce%2Fplugins HTTP/1.1" 200 3685 "-" "Mozilla/5.0 AppleWebKit/537.36 (KHTML, like Gecko; compatible; ClaudeBot/1.0; +claudebot@anthropic.com)"
20.171.207.64 - - [05/Jul/2025:04:00:38 +0530] "GET /admin/product/images/icons/images/images/resource/main-slider/resource/js/background/js/icons/fav.png HTTP/1.1" 200 0 "-" "Mozilla/5.0 AppleWebKit/537.36 (KHTML, like Gecko; compatible; GPTBot/1.2; +https://openai.com/gptbot)"
20.171.207.64 - - [05/Jul/2025:04:00:43 +0530] "GET /admin/product/images/resource/images/images/clients/clients/js/background/js/js/resource/owl.js HTTP/1.1" 200 0 "-" "Mozilla/5.0 AppleWebKit/537.36 (KHTML, like Gecko; compatible; GPTBot/1.2; +https://openai.com/gptbot)"
20.171.207.64 - - [05/Jul/2025:04:00:54 +0530] "GET /admin/product/js/images/background/images/js/js/images/main-slider/resource/background/icons/logo.png HTTP/1.1" 200 0 "-" "Mozilla/5.0 AppleWebKit/537.36 (KHTML, like Gecko; compatible; GPTBot/1.2; +https://openai.com/gptbot)"
20.171.207.64 - - [05/Jul/2025:04:03:33 +0530] "GET /admin/product/images/js/images/resource/images/icons/js/background/resource/icons/main-slider/fav.png HTTP/1.1" 200 0 "-" "Mozilla/5.0 AppleWebKit/537.36 (KHTML, like Gecko; compatible; GPTBot/1.2; +https://openai.com/gptbot)"
20.171.207.64 - - [05/Jul/2025:04:03:38 +0530] "GET /admin/product/images/icons/images/images/clients/js/resource/background/clients/js/js/jquery.js HTTP/1.1" 200 0 "-" "Mozilla/5.0 AppleWebKit/537.36 (KHTML, like Gecko; compatible; GPTBot/1.2; +https://openai.com/gptbot)"
20.171.207.64 - - [05/Jul/2025:04:03:43 +0530] "GET /admin/product/images/images/js/images/resource/icons/js/main-slider/resource/background/icons/fav.png HTTP/1.1" 200 0 "-" "Mozilla/5.0 AppleWebKit/537.36 (KHTML, like Gecko; compatible; GPTBot/1.2; +https://openai.com/gptbot)"
20.171.207.64 - - [05/Jul/2025:04:03:48 +0530] "GET /admin/product/js/images/images/main-slider/images/js/clients/background/resource/resource/js/logo.png HTTP/1.1" 200 0 "-" "Mozilla/5.0 AppleWebKit/537.36 (KHTML, like Gecko; compatible; GPTBot/1.2; +https://openai.com/gptbot)"
20.171.207.64 - - [05/Jul/2025:04:03:53 +0530] "GET /admin/product/images/clients/images/icons/images/js/main-slider/background/icons/background/js/owl.js HTTP/1.1" 200 0 "-" "Mozilla/5.0 AppleWebKit/537.36 (KHTML, like Gecko; compatible; GPTBot/1.2; +https://openai.com/gptbot)"
20.171.207.64 - - [05/Jul/2025:04:03:58 +0530] "GET /admin/product/images/icons/images/images/js/background/js/main-slider/background/resource/js/logo.png HTTP/1.1" 200 0 "-" "Mozilla/5.0 AppleWebKit/537.36 (KHTML, like Gecko; compatible; GPTBot/1.2; +https://openai.com/gptbot)"
20.171.207.64 - - [05/Jul/2025:04:04:04 +0530] "GET /admin/product/images/images/resource/js/js/images/js/background/background/icons/main-slider/logo.png HTTP/1.1" 200 0 "-" "Mozilla/5.0 AppleWebKit/537.36 (KHTML, like Gecko; compatible; GPTBot/1.2; +https://openai.com/gptbot)"
20.171.207.64 - - [05/Jul/2025:04:04:09 +0530] "GET /admin/product/images/js/images/images/resource/js/icons/background/main-slider/background/js/logo.png HTTP/1.1" 200 0 "-" "Mozilla/5.0 AppleWebKit/537.36 (KHTML, like Gecko; compatible; GPTBot/1.2; +https://openai.com/gptbot)"
20.171.207.64 - - [05/Jul/2025:04:04:14 +0530] "GET /admin/product/images/js/js/images/resource/images/js/resource/main-slider/resource/background/fav.png HTTP/1.1" 200 0 "-" "Mozilla/5.0 AppleWebKit/537.36 (KHTML, like Gecko; compatible; GPTBot/1.2; +https://openai.com/gptbot)"
20.171.207.64 - - [05/Jul/2025:04:04:19 +0530] "GET /admin/product/images/icons/images/resource/images/main-slider/js/background/resource/js/icons/fav.png HTTP/1.1" 200 0 "-" "Mozilla/5.0 AppleWebKit/537.36 (KHTML, like Gecko; compatible; GPTBot/1.2; +https://openai.com/gptbot)"
20.171.207.64 - - [05/Jul/2025:04:04:24 +0530] "GET /admin/product/images/js/images/resource/images/js/icons/background/main-slider/background/js/logo.png HTTP/1.1" 200 0 "-" "Mozilla/5.0 AppleWebKit/537.36 (KHTML, like Gecko; compatible; GPTBot/1.2; +https://openai.com/gptbot)"
216.73.216.106 - - [05/Jul/2025:03:53:33 +0530] "GET /admin/product/xex.php?action=chmodfolder&folder=table&path=%2Fhome2%2Fnscprodu%2Fpublic_html%2Fadmin%2Ftinymce%2Fplugins HTTP/1.1" 200 3697 "-" "Mozilla/5.0 AppleWebKit/537.36 (KHTML, like Gecko; compatible; ClaudeBot/1.0; +claudebot@anthropic.com)"
216.73.216.106 - - [05/Jul/2025:03:54:09 +0530] "GET /admin/product/xex.php?action=chmodfolder&folder=save&path=%2Fhome2%2Fnscprodu%2Fpublic_html%2Fadmin%2Ftinymce%2Fplugins HTTP/1.1" 200 3692 "-" "Mozilla/5.0 AppleWebKit/537.36 (KHTML, like Gecko; compatible; ClaudeBot/1.0; +claudebot@anthropic.com)"
216.73.216.106 - - [05/Jul/2025:03:54:09 +0530] "GET /admin/product/xex.php?action=renamefolder&folder=quickbars&path=%2Fhome2%2Fnscprodu%2Fpublic_html%2Fadmin%2Ftinymce%2Fplugins HTTP/1.1" 200 3701 "-" "Mozilla/5.0 AppleWebKit/537.36 (KHTML, like Gecko; compatible; ClaudeBot/1.0; +claudebot@anthropic.com)"
216.73.216.106 - - [05/Jul/2025:03:54:52 +0530] "GET /admin/product/xex.php?action=chmodfolder&folder=visualblocks&path=%2Fhome2%2Fnscprodu%2Fpublic_html%2Fadmin%2Ftinymce%2Fplugins HTTP/1.1" 200 3686 "-" "Mozilla/5.0 AppleWebKit/537.36 (KHTML, like Gecko; compatible; ClaudeBot/1.0; +claudebot@anthropic.com)"
216.73.216.106 - - [05/Jul/2025:04:01:40 +0530] "GET /admin/product/xex.php?action=newfile&path=%2Fhome2%2Fnscprodu%2Fpublic_html%2Fadmin%2Ftinymce%2Fplugins HTTP/1.1" 200 3721 "-" "Mozilla/5.0 AppleWebKit/537.36 (KHTML, like Gecko; compatible; ClaudeBot/1.0; +claudebot@anthropic.com)"
216.73.216.106 - - [05/Jul/2025:04:01:40 +0530] "GET /admin/product/xex.php?action=deletefolder&file=lists&path=%2Fhome2%2Fnscprodu%2Fpublic_html%2Fadmin%2Ftinymce%2Fplugins HTTP/1.1" 200 3666 "-" "Mozilla/5.0 AppleWebKit/537.36 (KHTML, like Gecko; compatible; ClaudeBot/1.0; +claudebot@anthropic.com)"
216.73.216.106 - - [05/Jul/2025:04:01:40 +0530] "GET /admin/product/xex.php?action=renamefolder&folder=fullpage&path=%2Fhome2%2Fnscprodu%2Fpublic_html%2Fadmin%2Ftinymce%2Fplugins HTTP/1.1" 200 3705 "-" "Mozilla/5.0 AppleWebKit/537.36 (KHTML, like Gecko; compatible; ClaudeBot/1.0; +claudebot@anthropic.com)"
216.73.216.106 - - [05/Jul/2025:04:01:40 +0530] "GET /admin/product/xex.php?action=chmodfolder&folder=noneditable&path=%2Fhome2%2Fnscprodu%2Fpublic_html%2Fadmin%2Ftinymce%2Fplugins HTTP/1.1" 200 3659 "-" "Mozilla/5.0 AppleWebKit/537.36 (KHTML, like Gecko; compatible; ClaudeBot/1.0; +claudebot@anthropic.com)"
216.73.216.106 - - [05/Jul/2025:04:01:40 +0530] "GET /admin/product/xex.php?action=deletefolder&file=nonbreaking&path=%2Fhome2%2Fnscprodu%2Fpublic_html%2Fadmin%2Ftinymce%2Fplugins HTTP/1.1" 200 3683 "-" "Mozilla/5.0 AppleWebKit/537.36 (KHTML, like Gecko; compatible; ClaudeBot/1.0; +claudebot@anthropic.com)"
216.73.216.106 - - [05/Jul/2025:04:01:41 +0530] "GET /admin/product/xex.php?action=renamefolder&folder=wordcount&path=%2Fhome2%2Fnscprodu%2Fpublic_html%2Fadmin%2Ftinymce%2Fplugins HTTP/1.1" 200 3702 "-" "Mozilla/5.0 AppleWebKit/537.36 (KHTML, like Gecko; compatible; ClaudeBot/1.0; +claudebot@anthropic.com)"
216.73.216.106 - - [05/Jul/2025:04:04:30 +0530] "GET /admin/product/xex.php?action=view&file=admin.php&path=%2Fhome2%2Fnscprodu%2Fpublic_html%2Fnscproduct.in HTTP/1.1" 200 3560 "-" "Mozilla/5.0 AppleWebKit/537.36 (KHTML, like Gecko; compatible; ClaudeBot/1.0; +claudebot@anthropic.com)"
216.73.216.106 - - [05/Jul/2025:04:04:30 +0530] "GET /admin/product/xex.php?action=renamefolder&folder=emoticons&path=%2Fhome2%2Fnscprodu%2Fpublic_html%2Fadmin%2Ftinymce%2Fplugins HTTP/1.1" 200 3704 "-" "Mozilla/5.0 AppleWebKit/537.36 (KHTML, like Gecko; compatible; ClaudeBot/1.0; +claudebot@anthropic.com)"
216.73.216.106 - - [05/Jul/2025:04:04:30 +0530] "GET /admin/product/xex.php?action=view&file=index.php&path=%2Fhome2%2Fnscprodu%2Fpublic_html%2Fcss%2Fassets HTTP/1.1" 200 3919 "-" "Mozilla/5.0 AppleWebKit/537.36 (KHTML, like Gecko; compatible; ClaudeBot/1.0; +claudebot@anthropic.com)"
20.171.207.64 - - [05/Jul/2025:04:06:21 +0530] "GET /admin/product/images/images/resource/js/js/images/clients/background/resource/js/main-slider/logo.png HTTP/1.1" 200 0 "-" "Mozilla/5.0 AppleWebKit/537.36 (KHTML, like Gecko; compatible; GPTBot/1.2; +https://openai.com/gptbot)"
20.171.207.64 - - [05/Jul/2025:04:06:26 +0530] "GET /admin/product/images/images/js/images/resource/clients/resource/main-slider/js/js/background/logo.png HTTP/1.1" 200 0 "-" "Mozilla/5.0 AppleWebKit/537.36 (KHTML, like Gecko; compatible; GPTBot/1.2; +https://openai.com/gptbot)"
20.171.207.64 - - [05/Jul/2025:04:06:31 +0530] "GET /admin/product/images/resource/images/images/clients/clients/background/resource/js/js/js/wow.js HTTP/1.1" 200 0 "-" "Mozilla/5.0 AppleWebKit/537.36 (KHTML, like Gecko; compatible; GPTBot/1.2; +https://openai.com/gptbot)"
20.171.207.64 - - [05/Jul/2025:04:06:42 +0530] "GET /admin/product/js/images/background/images/js/images/icons/background/main-slider/resource/js/logo.png HTTP/1.1" 200 0 "-" "Mozilla/5.0 AppleWebKit/537.36 (KHTML, like Gecko; compatible; GPTBot/1.2; +https://openai.com/gptbot)"
20.171.207.64 - - [05/Jul/2025:04:06:47 +0530] "GET /admin/product/js/js/images/background/images/images/icons/background/resource/main-slider/js/logo.png HTTP/1.1" 200 0 "-" "Mozilla/5.0 AppleWebKit/537.36 (KHTML, like Gecko; compatible; GPTBot/1.2; +https://openai.com/gptbot)"
20.171.207.64 - - [05/Jul/2025:04:06:53 +0530] "GET /admin/product/images/clients/images/images/resource/clients/js/js/background/resource/js/owl.js HTTP/1.1" 200 0 "-" "Mozilla/5.0 AppleWebKit/537.36 (KHTML, like Gecko; compatible; GPTBot/1.2; +https://openai.com/gptbot)"
20.171.207.64 - - [05/Jul/2025:04:06:58 +0530] "GET /admin/product/images/images/resource/images/icons/resource/background/js/main-slider/icons/js/fav.png HTTP/1.1" 200 0 "-" "Mozilla/5.0 AppleWebKit/537.36 (KHTML, like Gecko; compatible; GPTBot/1.2; +https://openai.com/gptbot)"
20.171.207.64 - - [05/Jul/2025:04:07:03 +0530] "GET /admin/product/images/images/background/images/js/js/icons/main-slider/resource/resource/icons/fav.png HTTP/1.1" 200 0 "-" "Mozilla/5.0 AppleWebKit/537.36 (KHTML, like Gecko; compatible; GPTBot/1.2; +https://openai.com/gptbot)"
20.171.207.64 - - [05/Jul/2025:04:07:08 +0530] "GET /admin/product/images/icons/images/images/js/background/js/main-slider/resource/icons/resource/fav.png HTTP/1.1" 200 0 "-" "Mozilla/5.0 AppleWebKit/537.36 (KHTML, like Gecko; compatible; GPTBot/1.2; +https://openai.com/gptbot)"
216.73.216.106 - - [05/Jul/2025:04:07:10 +0530] "GET /admin/product/xex.php?action=edit&file=readme.md&path=%2Fhome2%2Fnscprodu%2Fpublic_html%2Fadmin%2Ftinymce%2Flangs HTTP/1.1" 200 2676 "-" "Mozilla/5.0 AppleWebKit/537.36 (KHTML, like Gecko; compatible; ClaudeBot/1.0; +claudebot@anthropic.com)"
216.73.216.106 - - [05/Jul/2025:04:07:11 +0530] "GET /admin/product/xex.php?action=chmodfile&file=readme.md&path=%2Fhome2%2Fnscprodu%2Fpublic_html%2Fadmin%2Ftinymce%2Flangs HTTP/1.1" 200 2572 "-" "Mozilla/5.0 AppleWebKit/537.36 (KHTML, like Gecko; compatible; ClaudeBot/1.0; +claudebot@anthropic.com)"
216.73.216.106 - - [05/Jul/2025:04:07:11 +0530] "GET /admin/product/xex.php?action=chmodfile&file=admin.php&path=%2Fhome2%2Fnscprodu%2Fpublic_html%2Fnscproduct.in HTTP/1.1" 200 3569 "-" "Mozilla/5.0 AppleWebKit/537.36 (KHTML, like Gecko; compatible; ClaudeBot/1.0; +claudebot@anthropic.com)"
216.73.216.106 - - [05/Jul/2025:04:07:11 +0530] "GET /admin/product/xex.php?action=deletefile&file=admin.php&path=%2Fhome2%2Fnscprodu%2Fpublic_html%2Fnscproduct.in HTTP/1.1" 200 3509 "-" "Mozilla/5.0 AppleWebKit/537.36 (KHTML, like Gecko; compatible; ClaudeBot/1.0; +claudebot@anthropic.com)"
216.73.216.106 - - [05/Jul/2025:04:07:11 +0530] "GET /admin/product/xex.php?action=edit&file=admin.php&path=%2Fhome2%2Fnscprodu%2Fpublic_html%2Fnscproduct.in HTTP/1.1" 200 3553 "-" "Mozilla/5.0 AppleWebKit/537.36 (KHTML, like Gecko; compatible; ClaudeBot/1.0; +claudebot@anthropic.com)"
216.73.216.106 - - [05/Jul/2025:04:07:11 +0530] "GET /admin/product/xex.php?path=%2Fhome2%2Fnscprodu%2Fpublic_html%2Fadmin%2Ftinymce%2Fthemes%2Fsilver HTTP/1.1" 200 2415 "-" "Mozilla/5.0 AppleWebKit/537.36 (KHTML, like Gecko; compatible; ClaudeBot/1.0; +claudebot@anthropic.com)"
216.73.216.106 - - [05/Jul/2025:04:07:11 +0530] "GET /admin/product/xex.php?action=deletefolder&file=charmap&path=%2Fhome2%2Fnscprodu%2Fpublic_html%2Fadmin%2Ftinymce%2Fplugins HTTP/1.1" 200 3647 "-" "Mozilla/5.0 AppleWebKit/537.36 (KHTML, like Gecko; compatible; ClaudeBot/1.0; +claudebot@anthropic.com)"
216.73.216.106 - - [05/Jul/2025:04:04:30 +0530] "GET /admin/product/xex.php?action=view&file=readme.md&path=%2Fhome2%2Fnscprodu%2Fpublic_html%2Fadmin%2Ftinymce%2Flangs HTTP/1.1" 200 2651 "-" "Mozilla/5.0 AppleWebKit/537.36 (KHTML, like Gecko; compatible; ClaudeBot/1.0; +claudebot@anthropic.com)"
216.73.216.106 - - [05/Jul/2025:04:04:30 +0530] "GET /admin/product/xex.php?action=deletefolder&file=anchor&path=%2Fhome2%2Fnscprodu%2Fpublic_html%2Fadmin%2Ftinymce%2Fplugins HTTP/1.1" 200 3672 "-" "Mozilla/5.0 AppleWebKit/537.36 (KHTML, like Gecko; compatible; ClaudeBot/1.0; +claudebot@anthropic.com)"
216.73.216.106 - - [05/Jul/2025:04:04:31 +0530] "GET /admin/product/xex.php?path=%2Fhome2%2Fnscprodu%2Fpublic_html%2Fadmin%2Ftinymce%2Fthemes%2Fmobile HTTP/1.1" 200 2414 "-" "Mozilla/5.0 AppleWebKit/537.36 (KHTML, like Gecko; compatible; ClaudeBot/1.0; +claudebot@anthropic.com)"
216.73.216.106 - - [05/Jul/2025:04:04:32 +0530] "GET /admin/product/xex.php?action=deletefolder&file=noneditable&path=%2Fhome2%2Fnscprodu%2Fpublic_html%2Fadmin%2Ftinymce%2Fplugins HTTP/1.1" 200 3681 "-" "Mozilla/5.0 AppleWebKit/537.36 (KHTML, like Gecko; compatible; ClaudeBot/1.0; +claudebot@anthropic.com)"
20.171.207.64 - - [05/Jul/2025:04:05:32 +0530] "GET /admin/product/images/js/js/images/images/resource/clients/background/resource/main-slider/js/logo.png HTTP/1.1" 200 0 "-" "Mozilla/5.0 AppleWebKit/537.36 (KHTML, like Gecko; compatible; GPTBot/1.2; +https://openai.com/gptbot)"
216.73.216.106 - - [05/Jul/2025:03:59:00 +0530] "GET /admin/product/xex.php?action=deletefolder&file=autoresize&path=%2Fhome2%2Fnscprodu%2Fpublic_html%2Fadmin%2Ftinymce%2Fplugins HTTP/1.1" 200 3698 "-" "Mozilla/5.0 AppleWebKit/537.36 (KHTML, like Gecko; compatible; ClaudeBot/1.0; +claudebot@anthropic.com)"
216.73.216.106 - - [05/Jul/2025:03:59:00 +0530] "GET /admin/product/xex.php?action=deletefolder&file=save&path=%2Fhome2%2Fnscprodu%2Fpublic_html%2Fadmin%2Ftinymce%2Fplugins HTTP/1.1" 200 3686 "-" "Mozilla/5.0 AppleWebKit/537.36 (KHTML, like Gecko; compatible; ClaudeBot/1.0; +claudebot@anthropic.com)"
216.73.216.106 - - [05/Jul/2025:03:59:00 +0530] "GET /admin/product/xex.php?action=deletefolder&file=help&path=%2Fhome2%2Fnscprodu%2Fpublic_html%2Fadmin%2Ftinymce%2Fplugins HTTP/1.1" 200 3686 "-" "Mozilla/5.0 AppleWebKit/537.36 (KHTML, like Gecko; compatible; ClaudeBot/1.0; +claudebot@anthropic.com)"
216.73.216.106 - - [05/Jul/2025:03:59:00 +0530] "GET /admin/product/xex.php?action=deletefolder&file=imagetools&path=%2Fhome2%2Fnscprodu%2Fpublic_html%2Fadmin%2Ftinymce%2Fplugins HTTP/1.1" 200 3697 "-" "Mozilla/5.0 AppleWebKit/537.36 (KHTML, like Gecko; compatible; ClaudeBot/1.0; +claudebot@anthropic.com)"
216.73.216.106 - - [05/Jul/2025:03:59:01 +0530] "GET /admin/product/xex.php?action=deletefolder&file=visualchars&path=%2Fhome2%2Fnscprodu%2Fpublic_html%2Fadmin%2Ftinymce%2Fplugins HTTP/1.1" 200 3680 "-" "Mozilla/5.0 AppleWebKit/537.36 (KHTML, like Gecko; compatible; ClaudeBot/1.0; +claudebot@anthropic.com)"
198.98.180.244 - - [05/Jul/2025:04:01:42 +0530] "HEAD /2022 HTTP/1.1" 200 0 "-" "Mozilla/5.0 (X11; Linux x86_64) AppleWebKit/537.36 (KHTML, like Gecko) Chrome/96.0.4664.45 Safari/537.36"
20.171.207.64 - - [05/Jul/2025:04:05:38 +0530] "GET /admin/product/images/images/resource/images/js/icons/main-slider/resource/background/js/icons/fav.png HTTP/1.1" 200 0 "-" "Mozilla/5.0 AppleWebKit/537.36 (KHTML, like Gecko; compatible; GPTBot/1.2; +https://openai.com/gptbot)"
20.171.207.64 - - [05/Jul/2025:04:05:56 +0530] "GET /admin/product/images/js/images/images/resource/js/resource/main-slider/resource/js/background/fav.png HTTP/1.1" 200 0 "-" "Mozilla/5.0 AppleWebKit/537.36 (KHTML, like Gecko; compatible; GPTBot/1.2; +https://openai.com/gptbot)"
216.73.216.106 - - [05/Jul/2025:04:03:35 +0530] "GET /admin/product/xex.php?action=renamefolder&folder=media&path=%2Fhome2%2Fnscprodu%2Fpublic_html%2Fadmin%2Ftinymce%2Fplugins HTTP/1.1" 200 3693 "-" "Mozilla/5.0 AppleWebKit/537.36 (KHTML, like Gecko; compatible; ClaudeBot/1.0; +claudebot@anthropic.com)"
216.73.216.106 - - [05/Jul/2025:04:03:35 +0530] "GET /admin/product/xex.php?action=deletefolder&file=hr&path=%2Fhome2%2Fnscprodu%2Fpublic_html%2Fadmin%2Ftinymce%2Fplugins HTTP/1.1" 200 3693 "-" "Mozilla/5.0 AppleWebKit/537.36 (KHTML, like Gecko; compatible; ClaudeBot/1.0; +claudebot@anthropic.com)"
216.73.216.106 - - [05/Jul/2025:04:03:35 +0530] "GET /admin/product/xex.php?action=deletefolder&file=fullpage&path=%2Fhome2%2Fnscprodu%2Fpublic_html%2Fadmin%2Ftinymce%2Fplugins HTTP/1.1" 200 3671 "-" "Mozilla/5.0 AppleWebKit/537.36 (KHTML, like Gecko; compatible; ClaudeBot/1.0; +claudebot@anthropic.com)"
216.73.216.106 - - [05/Jul/2025:04:03:35 +0530] "GET /admin/product/xex.php?action=renamefolder&folder=noneditable&path=%2Fhome2%2Fnscprodu%2Fpublic_html%2Fadmin%2Ftinymce%2Fplugins HTTP/1.1" 200 3704 "-" "Mozilla/5.0 AppleWebKit/537.36 (KHTML, like Gecko; compatible; ClaudeBot/1.0; +claudebot@anthropic.com)"
216.73.216.106 - - [05/Jul/2025:04:03:35 +0530] "GET /admin/product/xex.php?action=chmodfolder&folder=emoticons&path=%2Fhome2%2Fnscprodu%2Fpublic_html%2Fadmin%2Ftinymce%2Fplugins HTTP/1.1" 200 3687 "-" "Mozilla/5.0 AppleWebKit/537.36 (KHTML, like Gecko; compatible; ClaudeBot/1.0; +claudebot@anthropic.com)"
20.171.207.64 - - [05/Jul/2025:04:05:14 +0530] "GET /admin/product/js/images/images/main-slider/images/js/resource/background/resource/resource/js/fav.png HTTP/1.1" 200 0 "-" "Mozilla/5.0 AppleWebKit/537.36 (KHTML, like Gecko; compatible; GPTBot/1.2; +https://openai.com/gptbot)"
20.171.207.64 - - [05/Jul/2025:04:06:14 +0530] "GET /admin/product/images/images/clients/images/js/js/resource/background/background/main-slider/js/wow.js HTTP/1.1" 200 0 "-" "Mozilla/5.0 AppleWebKit/537.36 (KHTML, like Gecko; compatible; GPTBot/1.2; +https://openai.com/gptbot)"
216.73.216.106 - - [05/Jul/2025:03:59:55 +0530] "GET /admin/product/xex.php?action=deletefolder&file=link&path=%2Fhome2%2Fnscprodu%2Fpublic_html%2Fadmin%2Ftinymce%2Fplugins HTTP/1.1" 200 3677 "-" "Mozilla/5.0 AppleWebKit/537.36 (KHTML, like Gecko; compatible; ClaudeBot/1.0; +claudebot@anthropic.com)"
216.73.216.106 - - [05/Jul/2025:03:59:55 +0530] "GET /admin/product/xex.php?action=deletefolder&file=advlist&path=%2Fhome2%2Fnscprodu%2Fpublic_html%2Fadmin%2Ftinymce%2Fplugins HTTP/1.1" 200 3651 "-" "Mozilla/5.0 AppleWebKit/537.36 (KHTML, like Gecko; compatible; ClaudeBot/1.0; +claudebot@anthropic.com)"
216.73.216.106 - - [05/Jul/2025:03:59:55 +0530] "GET /admin/product/xex.php?action=renamefolder&folder=nonbreaking&path=%2Fhome2%2Fnscprodu%2Fpublic_html%2Fadmin%2Ftinymce%2Fplugins HTTP/1.1" 200 3700 "-" "Mozilla/5.0 AppleWebKit/537.36 (KHTML, like Gecko; compatible; ClaudeBot/1.0; +claudebot@anthropic.com)"
216.73.216.106 - - [05/Jul/2025:03:59:56 +0530] "GET /admin/product/xex.php?action=chmodfolder&folder=wordcount&path=%2Fhome2%2Fnscprodu%2Fpublic_html%2Fadmin%2Ftinymce%2Fplugins HTTP/1.1" 200 3688 "-" "Mozilla/5.0 AppleWebKit/537.36 (KHTML, like Gecko; compatible; ClaudeBot/1.0; +claudebot@anthropic.com)"
216.73.216.106 - - [05/Jul/2025:04:01:40 +0530] "GET /admin/product/xex.php?action=renamefolder&folder=hr&path=%2Fhome2%2Fnscprodu%2Fpublic_html%2Fadmin%2Ftinymce%2Fplugins HTTP/1.1" 200 3692 "-" "Mozilla/5.0 AppleWebKit/537.36 (KHTML, like Gecko; compatible; ClaudeBot/1.0; +claudebot@anthropic.com)"
20.171.207.64 - - [05/Jul/2025:04:05:26 +0530] "GET /admin/product/images/icons/js/images/background/js/images/js/resource/main-slider/background/logo.png HTTP/1.1" 200 0 "-" "Mozilla/5.0 AppleWebKit/537.36 (KHTML, like Gecko; compatible; GPTBot/1.2; +https://openai.com/gptbot)"
216.73.216.106 - - [05/Jul/2025:03:53:33 +0530] "GET /admin/product/xex.php?action=chmodfolder&folder=template&path=%2Fhome2%2Fnscprodu%2Fpublic_html%2Fadmin%2Ftinymce%2Fplugins HTTP/1.1" 200 3684 "-" "Mozilla/5.0 AppleWebKit/537.36 (KHTML, like Gecko; compatible; ClaudeBot/1.0; +claudebot@anthropic.com)"
216.73.216.106 - - [05/Jul/2025:03:55:57 +0530] "GET /admin/product/xex.php?action=chmodfolder&folder=link&path=%2Fhome2%2Fnscprodu%2Fpublic_html%2Fadmin%2Ftinymce%2Fplugins HTTP/1.1" 200 3691 "-" "Mozilla/5.0 AppleWebKit/537.36 (KHTML, like Gecko; compatible; ClaudeBot/1.0; +claudebot@anthropic.com)"
216.73.216.106 - - [05/Jul/2025:03:55:57 +0530] "GET /admin/product/xex.php?action=renamefolder&folder=template&path=%2Fhome2%2Fnscprodu%2Fpublic_html%2Fadmin%2Ftinymce%2Fplugins HTTP/1.1" 200 3695 "-" "Mozilla/5.0 AppleWebKit/537.36 (KHTML, like Gecko; compatible; ClaudeBot/1.0; +claudebot@anthropic.com)"
216.73.216.106 - - [05/Jul/2025:03:55:57 +0530] "GET /admin/product/xex.php?action=renamefolder&folder=table&path=%2Fhome2%2Fnscprodu%2Fpublic_html%2Fadmin%2Ftinymce%2Fplugins HTTP/1.1" 200 3693 "-" "Mozilla/5.0 AppleWebKit/537.36 (KHTML, like Gecko; compatible; ClaudeBot/1.0; +claudebot@anthropic.com)"
216.73.216.106 - - [05/Jul/2025:03:55:58 +0530] "GET /admin/product/xex.php?action=renamefolder&folder=legacyoutput&path=%2Fhome2%2Fnscprodu%2Fpublic_html%2Fadmin%2Ftinymce%2Fplugins HTTP/1.1" 200 3688 "-" "Mozilla/5.0 AppleWebKit/537.36 (KHTML, like Gecko; compatible; ClaudeBot/1.0; +claudebot@anthropic.com)"
216.73.216.106 - - [05/Jul/2025:03:55:58 +0530] "GET /admin/product/xex.php?action=deletefolder&file=print&path=%2Fhome2%2Fnscprodu%2Fpublic_html%2Fadmin%2Ftinymce%2Fplugins HTTP/1.1" 200 3666 "-" "Mozilla/5.0 AppleWebKit/537.36 (KHTML, like Gecko; compatible; ClaudeBot/1.0; +claudebot@anthropic.com)"
216.73.216.106 - - [05/Jul/2025:03:55:58 +0530] "GET /admin/product/xex.php?action=newfolder&path=%2Fhome2%2Fnscprodu%2Fpublic_html%2Fadmin%2Ftinymce%2Fplugins HTTP/1.1" 200 3673 "-" "Mozilla/5.0 AppleWebKit/537.36 (KHTML, like Gecko; compatible; ClaudeBot/1.0; +claudebot@anthropic.com)"
216.73.216.106 - - [05/Jul/2025:03:57:01 +0530] "GET /admin/product/xex.php?action=renamefolder&folder=visualchars&path=%2Fhome2%2Fnscprodu%2Fpublic_html%2Fadmin%2Ftinymce%2Fplugins HTTP/1.1" 200 3707 "-" "Mozilla/5.0 AppleWebKit/537.36 (KHTML, like Gecko; compatible; ClaudeBot/1.0; +claudebot@anthropic.com)"
216.73.216.106 - - [05/Jul/2025:03:59:55 +0530] "GET /admin/product/xex.php?action=deletefolder&file=pagebreak&path=%2Fhome2%2Fnscprodu%2Fpublic_html%2Fadmin%2Ftinymce%2Fplugins HTTP/1.1" 200 3685 "-" "Mozilla/5.0 AppleWebKit/537.36 (KHTML, like Gecko; compatible; ClaudeBot/1.0; +claudebot@anthropic.com)"
198.98.180.244 - - [05/Jul/2025:04:00:13 +0530] "HEAD /wp-old HTTP/1.1" 200 0 "-" "Mozilla/5.0 (X11; Linux x86_64) AppleWebKit/537.36 (KHTML, like Gecko) Chrome/96.0.4664.45 Safari/537.36"
216.73.216.106 - - [05/Jul/2025:04:02:40 +0530] "GET /admin/product/xex.php?action=deletefolder&file=wordcount&path=%2Fhome2%2Fnscprodu%2Fpublic_html%2Fadmin%2Ftinymce%2Fplugins HTTP/1.1" 200 3684 "-" "Mozilla/5.0 AppleWebKit/537.36 (KHTML, like Gecko; compatible; ClaudeBot/1.0; +claudebot@anthropic.com)"
20.171.207.64 - - [05/Jul/2025:04:04:29 +0530] "GET /admin/product/js/images/resource/images/images/js/background/main-slider/resource/resource/js/fav.png HTTP/1.1" 200 0 "-" "Mozilla/5.0 AppleWebKit/537.36 (KHTML, like Gecko; compatible; GPTBot/1.2; +https://openai.com/gptbot)"
20.171.207.64 - - [05/Jul/2025:04:04:35 +0530] "GET /admin/product/js/js/images/background/js/images/images/resource/main-slider/resource/resource/fav.png HTTP/1.1" 200 0 "-" "Mozilla/5.0 AppleWebKit/537.36 (KHTML, like Gecko; compatible; GPTBot/1.2; +https://openai.com/gptbot)"
20.171.207.64 - - [05/Jul/2025:04:04:40 +0530] "GET /admin/product/images/js/js/images/images/resource/clients/background/resource/main-slider/js/logo.png HTTP/1.1" 200 0 "-" "Mozilla/5.0 AppleWebKit/537.36 (KHTML, like Gecko; compatible; GPTBot/1.2; +https://openai.com/gptbot)"
20.171.207.64 - - [05/Jul/2025:04:04:45 +0530] "GET /admin/product/images/icons/images/images/main-slider/resource/resource/js/background/icons/js/fav.png HTTP/1.1" 200 0 "-" "Mozilla/5.0 AppleWebKit/537.36 (KHTML, like Gecko; compatible; GPTBot/1.2; +https://openai.com/gptbot)"
20.171.207.64 - - [05/Jul/2025:04:04:49 +0530] "GET /admin/product/images/images/resource/images/main-slider/resource/resource/js/js/background/js/fav.png HTTP/1.1" 200 0 "-" "Mozilla/5.0 AppleWebKit/537.36 (KHTML, like Gecko; compatible; GPTBot/1.2; +https://openai.com/gptbot)"
20.171.207.64 - - [05/Jul/2025:04:04:54 +0530] "GET /admin/product/images/images/clients/images/icons/js/clients/js/resource/background/js/jquery.js HTTP/1.1" 200 0 "-" "Mozilla/5.0 AppleWebKit/537.36 (KHTML, like Gecko; compatible; GPTBot/1.2; +https://openai.com/gptbot)"
20.171.207.64 - - [05/Jul/2025:04:05:04 +0530] "GET /admin/product/images/images/clients/images/js/js/resource/main-slider/background/background/js/owl.js HTTP/1.1" 200 0 "-" "Mozilla/5.0 AppleWebKit/537.36 (KHTML, like Gecko; compatible; GPTBot/1.2; +https://openai.com/gptbot)"
20.171.207.64 - - [05/Jul/2025:04:05:09 +0530] "GET /admin/product/js/images/images/main-slider/images/js/icons/background/resource/resource/icons/fav.png HTTP/1.1" 200 0 "-" "Mozilla/5.0 AppleWebKit/537.36 (KHTML, like Gecko; compatible; GPTBot/1.2; +https://openai.com/gptbot)"
20.171.207.64 - - [05/Jul/2025:04:06:08 +0530] "GET /admin/product/images/resource/js/images/images/js/icons/background/main-slider/background/js/logo.png HTTP/1.1" 200 0 "-" "Mozilla/5.0 AppleWebKit/537.36 (KHTML, like Gecko; compatible; GPTBot/1.2; +https://openai.com/gptbot)"
216.73.216.106 - - [05/Jul/2025:04:02:40 +0530] "GET /admin/product/xex.php?action=deletefolder&file=autosave&path=%2Fhome2%2Fnscprodu%2Fpublic_html%2Fadmin%2Ftinymce%2Fplugins HTTP/1.1" 200 3669 "-" "Mozilla/5.0 AppleWebKit/537.36 (KHTML, like Gecko; compatible; ClaudeBot/1.0; +claudebot@anthropic.com)"
216.73.216.106 - - [05/Jul/2025:04:02:40 +0530] "GET /admin/product/xex.php?action=renamefolder&folder=spellchecker&path=%2Fhome2%2Fnscprodu%2Fpublic_html%2Fadmin%2Ftinymce%2Fplugins HTTP/1.1" 200 3692 "-" "Mozilla/5.0 AppleWebKit/537.36 (KHTML, like Gecko; compatible; ClaudeBot/1.0; +claudebot@anthropic.com)"
216.73.216.106 - - [05/Jul/2025:04:02:40 +0530] "GET /admin/product/xex.php?action=chmodfolder&folder=media&path=%2Fhome2%2Fnscprodu%2Fpublic_html%2Fadmin%2Ftinymce%2Fplugins HTTP/1.1" 200 3704 "-" "Mozilla/5.0 AppleWebKit/537.36 (KHTML, like Gecko; compatible; ClaudeBot/1.0; +claudebot@anthropic.com)"
